{"id":3284,"date":"2019-11-11T09:35:28","date_gmt":"2019-11-11T15:35:28","guid":{"rendered":"https:\/\/www.femexrobotica.org\/tmr2020\/?page_id=3284"},"modified":"2019-12-16T10:00:25","modified_gmt":"2019-12-16T16:00:25","slug":"home-beginners","status":"publish","type":"page","link":"https:\/\/www.femexrobotica.org\/tmr2020\/home-beginners\/","title":{"rendered":"@Home Beginners"},"content":{"rendered":"<h1 style=\"text-align: center;\"><strong>@Home Beginners<\/strong><\/h1>\n<p><img loading=\"lazy\" decoding=\"async\" class=\"wp-image-3283  aligncenter\" src=\"https:\/\/www.femexrobotica.org\/tmr2020\/wp-content\/uploads\/2019\/11\/robocup@home-06-300x169.jpg\" alt=\"\" width=\"398\" height=\"224\" srcset=\"https:\/\/www.femexrobotica.org\/tmr2020\/wp-content\/uploads\/2019\/11\/robocup@home-06-300x169.jpg 300w, https:\/\/www.femexrobotica.org\/tmr2020\/wp-content\/uploads\/2019\/11\/robocup@home-06.jpg 640w\" sizes=\"auto, (max-width: 398px) 100vw, 398px\" \/><\/p>\n<div id=\"dives\">\n<p>Esta competencia presenta un desaf\u00edo introductorio a la categor\u00eda de @Home Major, bas\u00e1ndose en una etapa de pruebas y una final. La etapa de pruebas eval\u00faa por separado funcionalidades b\u00e1sicas (como navegaci\u00f3n, manipulaci\u00f3n, etc.), y en la final se integran todas \u00e9stas para resolver una tarea m\u00e1s compleja. Se pretende que esta competencia sea un paso intermedio para equipos novatos a la categor\u00eda @Home Major y as\u00ed facilitar su transici\u00f3n t\u00e9cnica a \u00e9sta. Para este prop\u00f3sito, la final tiene un nivel de complejidad comparable con una prueba de la etapa inicial de dicha categor\u00eda (com\u00fanmente conocida como Stage 1).<\/p>\n<p>&nbsp;<\/p>\n<p>Liga a libro de reglas: <a href=\"https:\/\/docs.google.com\/document\/d\/1Yli7-HVIwtOQe9USgQlgzVBW7IENM_NbEAdAAHGmKeQ\">https:\/\/docs.google.com\/document\/d\/1Yli7-HVIwtOQe9USgQlgzVBW7IENM_NbEAdAAHGmKeQ<\/a><br \/>\n<strong>Comit\u00e9 T\u00e9cnico<\/strong><\/p>\n<p>Caleb Rascon<\/p>\n<p>email: <strong><a href=\"mailto:caleb.rascon@gmail.com\">caleb.rascon@gmail.com<\/a><\/strong><\/p>\n<p>&nbsp;<\/p>\n<p>Eva Karina P\u00e9rez<\/p>\n<p>email: <strong><a href=\"mailto:eva.psegura@gmail.com\">eva.psegura@gmail.com<\/a><\/strong><\/p>\n<p><strong>Comit\u00e9 Local<\/strong><\/p>\n<p>Andr\u00e9s Bueno<\/p>\n<p>email: <strong><a href=\"mailto:andres.bueno@tec.mx\">andres.bueno@tec.mx<\/a><\/strong><\/p>\n<p>Karla Sandoval<\/p>\n<p>email: <a href=\"mailto:netica.direccion.gdl@gmail.com\"><strong>netica.direccion.gdl@gmail.com<\/strong><\/a><\/p>\n<\/div>\n<div id=\"diven\">\n<p>This competition presents an introductory challenge to the @Home Major category, based on a testing stage and a final stage. The test stage separately evaluates basic functionalities (such as navigation, manipulation, etc.), and in the end all these are integrated to solve a more complex task. This competition is intended to be an intermediate step for novice teams to the @Home Major category and thus facilitate their technical transition to it. For this purpose, the final has a level of complexity comparable to a test of the initial stage of that category (commonly known as Stage 1).<\/p>\n<p>&nbsp;<\/p>\n<p>Link to the rulebook: <a href=\"https:\/\/docs.google.com\/document\/d\/1Yli7-HVIwtOQe9USgQlgzVBW7IENM_NbEAdAAHGmKeQ\">https:\/\/docs.google.com\/document\/d\/1Yli7-HVIwtOQe9USgQlgzVBW7IENM_NbEAdAAHGmKeQ<\/a><\/p>\n<div>&nbsp;<\/div>\n<p><strong>Technical Committee<\/strong><\/p>\n<p>Caleb Rascon<\/p>\n<p>email: <strong><a href=\"mailto:caleb.rascon@gmail.com\">caleb.rascon@gmail.com<\/a><\/strong><\/p>\n<p>&nbsp;<\/p>\n<p>Eva Karina P\u00e9rez<\/p>\n<p>email: <strong><a href=\"mailto:eva.psegura@gmail.com\">eva.psegura@gmail.com<\/a><\/strong><\/p>\n<p><strong>Local committee<\/strong><\/p>\n<p>Andr\u00e9s Bueno<\/p>\n<p>email: <strong><a href=\"mailto:andres.bueno@tec.mx\">andres.bueno@tec.mx<\/a><\/strong><\/p>\n<p>Karla Sandoval<\/p>\n<p>email: <a href=\"mailto:netica.direccion.gdl@gmail.com\"><strong>netica.direccion.gdl@gmail.com<\/strong><\/a><\/p>\n<\/div>\n","protected":false},"excerpt":{"rendered":"<p>@Home Beginners Esta competencia presenta un desaf\u00edo introductorio a la categor\u00eda de @Home Major, bas\u00e1ndose en una etapa de pruebas y una final. La etapa de pruebas eval\u00faa por separado funcionalidades b\u00e1sicas (como navegaci\u00f3n, manipulaci\u00f3n, etc.), y en la final [&hellip;]<\/p>\n","protected":false},"author":12,"featured_media":0,"parent":0,"menu_order":0,"comment_status":"closed","ping_status":"closed","template":"","meta":{"ngg_post_thumbnail":0,"footnotes":""},"class_list":["post-3284","page","type-page","status-publish","hentry"],"_links":{"self":[{"href":"https:\/\/www.femexrobotica.org\/tmr2020\/wp-json\/wp\/v2\/pages\/3284","targetHints":{"allow":["GET"]}}],"collection":[{"href":"https:\/\/www.femexrobotica.org\/tmr2020\/wp-json\/wp\/v2\/pages"}],"about":[{"href":"https:\/\/www.femexrobotica.org\/tmr2020\/wp-json\/wp\/v2\/types\/page"}],"author":[{"embeddable":true,"href":"https:\/\/www.femexrobotica.org\/tmr2020\/wp-json\/wp\/v2\/users\/12"}],"replies":[{"embeddable":true,"href":"https:\/\/www.femexrobotica.org\/tmr2020\/wp-json\/wp\/v2\/comments?post=3284"}],"version-history":[{"count":4,"href":"https:\/\/www.femexrobotica.org\/tmr2020\/wp-json\/wp\/v2\/pages\/3284\/revisions"}],"predecessor-version":[{"id":3514,"href":"https:\/\/www.femexrobotica.org\/tmr2020\/wp-json\/wp\/v2\/pages\/3284\/revisions\/3514"}],"wp:attachment":[{"href":"https:\/\/www.femexrobotica.org\/tmr2020\/wp-json\/wp\/v2\/media?parent=3284"}],"curies":[{"name":"wp","href":"https:\/\/api.w.org\/{rel}","templated":true}]}}