{"id":3274,"date":"2019-11-11T08:56:15","date_gmt":"2019-11-11T14:56:15","guid":{"rendered":"https:\/\/www.femexrobotica.org\/tmr2020\/?page_id=3274"},"modified":"2020-01-30T08:50:44","modified_gmt":"2020-01-30T14:50:44","slug":"robots-limpiadores-de-playa","status":"publish","type":"page","link":"https:\/\/www.femexrobotica.org\/tmr2020\/robots-limpiadores-de-playa\/","title":{"rendered":"Robots Limpiadores de Playa"},"content":{"rendered":"<h1 style=\"text-align: center;\"><strong>Robots Limpiadores de Playa<\/strong><\/h1>\n<p><img loading=\"lazy\" decoding=\"async\" class=\"wp-image-3352  aligncenter\" src=\"https:\/\/www.femexrobotica.org\/tmr2020\/wp-content\/uploads\/2019\/11\/Limpia_PLAYA-300x200.jpg\" alt=\"\" width=\"384\" height=\"256\" srcset=\"https:\/\/www.femexrobotica.org\/tmr2020\/wp-content\/uploads\/2019\/11\/Limpia_PLAYA-300x200.jpg 300w, https:\/\/www.femexrobotica.org\/tmr2020\/wp-content\/uploads\/2019\/11\/Limpia_PLAYA-768x512.jpg 768w, https:\/\/www.femexrobotica.org\/tmr2020\/wp-content\/uploads\/2019\/11\/Limpia_PLAYA-1024x683.jpg 1024w, https:\/\/www.femexrobotica.org\/tmr2020\/wp-content\/uploads\/2019\/11\/Limpia_PLAYA.jpg 1500w\" sizes=\"auto, (max-width: 384px) 100vw, 384px\" \/><\/p>\n<div id=\"dives\">\n<p>Las playas se encuentran a la suerte de diversos fen\u00f3menos naturales, como las mareas y los huracanes modificando y permitiendo diversos entornos bil\u00f3gicos. Esta manera natural de permitir la vida est\u00e1 cada vez m\u00e1s marcada por la acci\u00f3n humana, como la generaci\u00f3n y mal manejo de la basura, generaci\u00f3n de residuos reciclables que no son tratados, descarga de aguas residuales, derrames de petr\u00f3leo, modificaci\u00f3n de ciclos biol\u00f3gicos y construcciones, entre otros.<\/p>\n<p>&nbsp;<\/p>\n<p>Ante esta situaci\u00f3n y como una manera de concientizar y contribuir a afrontar este problema, el TMR\u00ae 2020 convoca de nueva cuenta al reto cl\u00e1sico de Robots Limpiadores de Playa, consistente en detectar, colectar, transportar y depositar en un contenedor los \u201cresiduos\u201d dispersos en una \u201cisla\u201d tropical de 6 x 12 m. El robot debe tener cuidado de no avanzar m\u00e1s all\u00e1 de sus \u201ccostas\u201d y caer al \u201cmar\u201d. En la \u201cisla\u201d se encuentra un \u201chumano\u201d al que, por supuesto, el robot no deber\u00e1 lastimar.<\/p>\n<p>&nbsp;<\/p>\n<p>Desde el Primer Torneo Mexicano de Rob\u00f3tica\u00ae en 2008, esta categor\u00eda 100% mexicana se ha celebrado ininterrumpidamente buscando fomentar una conciencia ecol\u00f3gica en la sociedad, invitando a la comunidad roboticista a proponer soluciones concretas al grave problema de acumulaci\u00f3n de basura en las playas de M\u00e9xico y de todo el mundo.<\/p>\n<p>&nbsp;<\/p>\n<p>A trav\u00e9s de sus 12 a\u00f1os de vida, el Torneo de Robots Limpiadores de Playa ha sido testigo de los avances en el dise\u00f1o y desempe\u00f1o de las propuestas, estando convencidos de que ha tenido un impacto positivo en los participantes y en las instituciones de donde provienen, dando como resultado que en los \u00faltimos a\u00f1os se ha&nbsp; incrementado el n\u00famero de equipos que desean participar.<\/p>\n<p>IMPORTANTE: Por lo anterior y para mantener la calidad y el nivel de atenci\u00f3n que merecen los participantes de la competencia, se establece un LIMITE DE REGISTRO DE 20 EQUIPOS, cada uno de ellos formado por no m\u00e1s de 6 de participantes. El listado de los equipos participantes se conformar\u00e1 respetando estrictamente el orden de registro. \u00a1Por favor tomen en cuenta esta informaci\u00f3n para asegurar su participaci\u00f3n en el TMR 2020, categor\u00eda de Robots Limpiadores de Playa!<\/p>\n<p>&nbsp;<\/p>\n<p>Los profesores que acompa\u00f1an al equipo y que desean contar con un diploma que reconozca su participaci\u00f3n en el evento, pero que no requieren que se les asigne lugar en la mesa de trabajo del equipo, podr\u00e1n inscribirse como mentores. El costo de inscripci\u00f3n de los mentores es el mismo que el de los concursantes.<\/p>\n<p>&nbsp;<\/p>\n<p>Libro de reglas: <a href=\"https:\/\/www.femexrobotica.org\/tmr2020\/wp-content\/uploads\/2020\/01\/TMR-2020-Reglas-Robots-Limpiadores.pdf\">Reglamento<\/a><\/p>\n<p><strong>Comit\u00e9 T\u00e9cnico<\/strong><\/p>\n<p>Carlos Rub\u00e9n de la Mora<\/p>\n<p>email: <a href=\"mailto:carlosvub@hotmail.com\"><strong>carlosvub@hotmail.com<\/strong><\/a><\/p>\n<p>Marcela Quiroz<\/p>\n<p>email: <a href=\"mailto:maquiroz@uv.mx\"><strong>maquiroz@uv.mx<\/strong><\/a><\/p>\n<p><strong>Comit\u00e9 Local<\/strong><\/p>\n<p>Felipe Gonz\u00e1lez \u00c1lvarez<\/p>\n<p>email: <a href=\"mailto:felipesoulz06@gmail.com\"><strong>felipesoulz06@gmail.com<\/strong><\/a><\/p>\n<p>Antonio Alcaraz<\/p>\n<p>email: <a href=\"mailto:antonio.a@tec.mx\"><strong>antonio.a@tec.mx<\/strong><\/a><\/p>\n<\/div>\n<div id=\"diven\">\n<p>The beaches are to the fate of various natural phenomena, such as tides and hurricanes, modifying and allowing various environments and biological cycles.<\/p>\n<p>&nbsp;<\/p>\n<p>This natural way of allowing life is increasingly marked and threatened by human action, such as the generation and mishandling of garbage;&nbsp; generation of recyclable waste that is not treated;&nbsp; wastewater discharge;&nbsp; oil spills;&nbsp; modification of biological cycles or constructions for human use, among others<\/p>\n<p>&nbsp;<\/p>\n<p>Faced with this situation and as a way to raise awareness and contribute to addressing this problem, TMR\u00ae 2020 reconvenes the classic Beach Cleaner Robots Challenge, consisting of detecting, collecting, transporting and depositing in a container the \u201cwaste\u201d dispersed in a tropical \u201cisland\u201d of 6 x 12 m. The robot must be careful not to move beyond its &#8220;coasts&#8221; and fall into the &#8220;sea&#8221;. On the &#8220;island&#8221; is a &#8220;human&#8221; who, of course, the robot should not hurt.<\/p>\n<p>&nbsp;<\/p>\n<p>Since the First TMR, (Mexican Robotics Tournament\u00ae) in 2008, this 100% Mexican category has been held continuously seeking to promote ecological awareness in society, inviting the roboticist community to propose concrete solutions to the serious problem of garbage accumulation on the beaches of Mexico and around the world.<\/p>\n<p>&nbsp;<\/p>\n<p>These 12 years of life of the TMR-Beach Cleaner Robots Challenge have witnessed the progress in the design and performance of the proposals, being convinced that it has had a positive impact on the participants and the institutions where they come from, resulting in the increase in the number of teams that wish to participate in recent years.<\/p>\n<p>&nbsp;<\/p>\n<p>IMPORTANT: Therefore, in order to maintain the quality and level of attention that the participants of the competition deserve, a REGISTRATION LIMIT OF 20 TEAMS is established, each of them formed by no more than 6 participants.<\/p>\n<p>&nbsp;<\/p>\n<p>The list of participating teams will be compliant in strict accordance with the order of registration. Please take this information into account to ensure your participation in the TMR 2020- Beach Cleaner Robots Challenge!<\/p>\n<p>&nbsp;<\/p>\n<p>Teachers who accompany the team and who wish to have a diploma that recognizes their participation in the event, but does not require that they be assigned a place in the team&#8217;s work table, may register as mentors. The cost of registration of mentors is the same as that of the contestants.<\/p>\n<p>&nbsp;<\/p>\n<p>Rulebook: Not available yet.<\/p>\n<div>&nbsp;<\/div>\n<p><strong>Technical Committee<\/strong><\/p>\n<p>Carlos Rub\u00e9n de la Mora<\/p>\n<p>email: <a href=\"mailto:carlosvub@hotmail.com\"><strong>carlosvub@hotmail.com<\/strong><\/a><\/p>\n<p>Marcela Quiroz<\/p>\n<p>email: <a href=\"mailto:maquiroz@uv.mx\"><strong>maquiroz@uv.mx<\/strong><\/a><\/p>\n<p>&nbsp;<\/p>\n<p><strong>Local committee<\/strong><\/p>\n<p>Felipe Gonz\u00e1lez \u00c1lvarez<\/p>\n<p>email: <a href=\"mailto:felipesoulz06@gmail.com\"><strong>felipesoulz06@gmail.com<\/strong><\/a><\/p>\n<p>Antonio Alcaraz<\/p>\n<p>email: <a href=\"mailto:antonio.a@tec.mx\"><strong>antonio.a@tec.mx<\/strong><\/a><\/p>\n<\/div>\n","protected":false},"excerpt":{"rendered":"<p>Robots Limpiadores de Playa Las playas se encuentran a la suerte de diversos fen\u00f3menos naturales, como las mareas y los huracanes modificando y permitiendo diversos entornos bil\u00f3gicos. Esta manera natural de permitir la vida est\u00e1 cada vez m\u00e1s marcada por [&hellip;]<\/p>\n","protected":false},"author":12,"featured_media":0,"parent":0,"menu_order":0,"comment_status":"closed","ping_status":"closed","template":"","meta":{"ngg_post_thumbnail":0,"footnotes":""},"class_list":["post-3274","page","type-page","status-publish","hentry"],"_links":{"self":[{"href":"https:\/\/www.femexrobotica.org\/tmr2020\/wp-json\/wp\/v2\/pages\/3274","targetHints":{"allow":["GET"]}}],"collection":[{"href":"https:\/\/www.femexrobotica.org\/tmr2020\/wp-json\/wp\/v2\/pages"}],"about":[{"href":"https:\/\/www.femexrobotica.org\/tmr2020\/wp-json\/wp\/v2\/types\/page"}],"author":[{"embeddable":true,"href":"https:\/\/www.femexrobotica.org\/tmr2020\/wp-json\/wp\/v2\/users\/12"}],"replies":[{"embeddable":true,"href":"https:\/\/www.femexrobotica.org\/tmr2020\/wp-json\/wp\/v2\/comments?post=3274"}],"version-history":[{"count":5,"href":"https:\/\/www.femexrobotica.org\/tmr2020\/wp-json\/wp\/v2\/pages\/3274\/revisions"}],"predecessor-version":[{"id":3584,"href":"https:\/\/www.femexrobotica.org\/tmr2020\/wp-json\/wp\/v2\/pages\/3274\/revisions\/3584"}],"wp:attachment":[{"href":"https:\/\/www.femexrobotica.org\/tmr2020\/wp-json\/wp\/v2\/media?parent=3274"}],"curies":[{"name":"wp","href":"https:\/\/api.w.org\/{rel}","templated":true}]}}