{"id":916,"date":"2018-03-04T23:35:48","date_gmt":"2018-03-05T05:35:48","guid":{"rendered":"https:\/\/www.femexrobotica.org\/tmr2018\/?page_id=916"},"modified":"2018-03-19T02:39:29","modified_gmt":"2018-03-19T08:39:29","slug":"patrocinadores","status":"publish","type":"page","link":"https:\/\/www.femexrobotica.org\/tmr2018\/patrocinadores\/","title":{"rendered":"PATROCINADORES"},"content":{"rendered":"<div class=\"vc_row wpb_row vc_row-fluid\" ><div class=\"wpb_column vc_column_container vc_col-sm-12\"><div class=\"vc_column-inner \"><div class=\"wpb_wrapper\"><div class=\"vc_empty_space\"   style=\"height: 32px\" ><span class=\"vc_empty_space_inner\"><\/span><\/div>\n<div class=\"vc_separator wpb_content_element vc_separator_align_center vc_sep_width_100 vc_sep_shadow vc_sep_pos_align_center vc_separator_no_text vc_sep_color_grey\" ><span class=\"vc_sep_holder vc_sep_holder_l\"><span  class=\"vc_sep_line\"><\/span><\/span><span class=\"vc_sep_holder vc_sep_holder_r\"><span  class=\"vc_sep_line\"><\/span><\/span>\n<\/div><div class=\"mkdf-section-title-holder  \" style=\"text-align: center\">\n\t<div class=\"mkdf-st-inner\">\n\t\t\t\t\t\t\t<h2 class=\"mkdf-st-title\" >\n\t\t\t\tPatrocinadores\t\t\t\t<span class=\"mkdf-st-title-mark\" ><\/span>\n\t\t\t<\/h2>\n\t\t\t\t\t\t\t<div class=\"mkdf-st-separator\" ><\/div>\n\t\t\t\t\t\t\t<h5 class=\"mkdf-st-subtitle\" >\n\t\t\t\t\u00a1 Gracias por tu apoyo en el TMR 2018 !\t\t\t<\/h5>\n\t\t\t\t\t<\/div>\n<\/div><div class=\"vc_empty_space\"   style=\"height: 70px\" ><span class=\"vc_empty_space_inner\"><\/span><\/div>\n<\/div><\/div><\/div><\/div><div class=\"vc_row wpb_row vc_row-fluid\" ><div class=\"wpb_column vc_column_container vc_col-sm-12\"><div class=\"vc_column-inner \"><div class=\"wpb_wrapper\"><div class=\"mkdf-section-title-holder  \" style=\"text-align: center\">\n\t<div class=\"mkdf-st-inner\">\n\t\t\t\t\t\t\t<h2 class=\"mkdf-st-title\" >\n\t\t\t\tSILVER\t\t\t\t<span class=\"mkdf-st-title-mark\" ><\/span>\n\t\t\t<\/h2>\n\t\t\t\t\t\t\t<div class=\"mkdf-st-separator\" ><\/div>\n\t\t\t\t\t\t\t<\/div>\n<\/div><div class=\"vc_empty_space\"   style=\"height: 32px\" ><span class=\"vc_empty_space_inner\"><\/span><\/div>\n<div class=\"mkdf-team-list-holder mkdf-tl-no-space mkdf-tl-three-columns\">\n\t<div class=\"mkdf-tl-inner \" data-number-of-items=\"3\" data-enable-navigation=\"no\" data-enable-pagination=\"no\">\n\t\t<div class=\"mkdf-team info-hover\" data-member-id=\"920\">\n    <div class=\"mkdf-team-inner\">\n                    <div class=\"mkdf-team-image\">\n\t            \t\t            <img decoding=\"async\" src=\"https:\/\/www.femexrobotica.org\/tmr2018\/wp-content\/uploads\/2018\/03\/LogoTalent.png\" alt=\"Talent Land\" \/>\n\t                            <div class=\"mkdf-team-info-tb\">\n                    <div class=\"mkdf-team-info-tc\">\n                        <div class=\"mkdf-team-title-holder\">\n                            <h4 itemprop=\"name\" class=\"mkdf-team-name entry-title\">\n                                <a itemprop=\"url\" href=\"https:\/\/www.femexrobotica.org\/tmr2018\/team-member\/talent-land\/\">Talent Land<\/a>\n                            <\/h4>\n                                                            <h6 class=\"mkdf-team-position\">Changing the World with Talent<\/h6>\n                                                    <\/div>\n                        <div class=\"mkdf-team-social-holder-between\">\n\t                                                <\/div>\n                    <\/div>\n                <\/div>\n            <\/div>\n        \t    <a itemprop=\"url\" class=\"mkdf-team-overlay-link\" href=\"https:\/\/www.femexrobotica.org\/tmr2018\/team-member\/talent-land\/\"><\/a>\n    <\/div>\n<\/div><div class=\"mkdf-team info-hover\" data-member-id=\"922\">\n    <div class=\"mkdf-team-inner\">\n                    <div class=\"mkdf-team-image\">\n\t            \t\t            <img decoding=\"async\" src=\"https:\/\/www.femexrobotica.org\/tmr2018\/wp-content\/uploads\/2018\/03\/creative_thumb.png\" alt=\"CreativaKids\" \/>\n\t                            <div class=\"mkdf-team-info-tb\">\n                    <div class=\"mkdf-team-info-tc\">\n                        <div class=\"mkdf-team-title-holder\">\n                            <h4 itemprop=\"name\" class=\"mkdf-team-name entry-title\">\n                                <a itemprop=\"url\" href=\"https:\/\/www.femexrobotica.org\/tmr2018\/team-member\/creativakids\/\">CreativaKids<\/a>\n                            <\/h4>\n                                                            <h6 class=\"mkdf-team-position\">So who are creative kids?<\/h6>\n                                                    <\/div>\n                        <div class=\"mkdf-team-social-holder-between\">\n\t                                                <\/div>\n                    <\/div>\n                <\/div>\n            <\/div>\n        \t    <a itemprop=\"url\" class=\"mkdf-team-overlay-link\" href=\"https:\/\/www.femexrobotica.org\/tmr2018\/team-member\/creativakids\/\"><\/a>\n    <\/div>\n<\/div><div class=\"mkdf-team info-hover\" data-member-id=\"923\">\n    <div class=\"mkdf-team-inner\">\n                    <div class=\"mkdf-team-image\">\n\t            \t\t            <img decoding=\"async\" src=\"https:\/\/www.femexrobotica.org\/tmr2018\/wp-content\/uploads\/2018\/03\/mution_thumb.png\" alt=\"MultiON Consulting, S.A. de C.V.\" \/>\n\t                            <div class=\"mkdf-team-info-tb\">\n                    <div class=\"mkdf-team-info-tc\">\n                        <div class=\"mkdf-team-title-holder\">\n                            <h4 itemprop=\"name\" class=\"mkdf-team-name entry-title\">\n                                <a itemprop=\"url\" href=\"https:\/\/www.femexrobotica.org\/tmr2018\/team-member\/multion\/\">MultiON Consulting, S.A. de C.V.<\/a>\n                            <\/h4>\n                                                            <h6 class=\"mkdf-team-position\">C\u00f3mputo Cient\u00edfico y T\u00e9cnico: software y hadware especializado<\/h6>\n                                                    <\/div>\n                        <div class=\"mkdf-team-social-holder-between\">\n\t                                                <\/div>\n                    <\/div>\n                <\/div>\n            <\/div>\n        \t    <a itemprop=\"url\" class=\"mkdf-team-overlay-link\" href=\"https:\/\/www.femexrobotica.org\/tmr2018\/team-member\/multion\/\"><\/a>\n    <\/div>\n<\/div>\t<\/div>\n<\/div><div class=\"vc_empty_space\"   style=\"height: 32px\" ><span class=\"vc_empty_space_inner\"><\/span><\/div>\n<div class=\"mkdf-section-title-holder  \" style=\"text-align: center\">\n\t<div class=\"mkdf-st-inner\">\n\t\t\t\t\t\t\t<h2 class=\"mkdf-st-title\" >\n\t\t\t\tBRONZE\t\t\t\t<span class=\"mkdf-st-title-mark\" ><\/span>\n\t\t\t<\/h2>\n\t\t\t\t\t\t\t<div class=\"mkdf-st-separator\" ><\/div>\n\t\t\t\t\t\t\t<\/div>\n<\/div><div class=\"vc_empty_space\"   style=\"height: 32px\" ><span class=\"vc_empty_space_inner\"><\/span><\/div>\n<div class=\"mkdf-team-list-holder mkdf-tl-no-space mkdf-tl-three-columns\">\n\t<div class=\"mkdf-tl-inner \" data-number-of-items=\"3\" data-enable-navigation=\"no\" data-enable-pagination=\"no\">\n\t\t<div class=\"mkdf-team info-hover\" data-member-id=\"979\">\n    <div class=\"mkdf-team-inner\">\n                    <div class=\"mkdf-team-image\">\n\t            \t\t            <img decoding=\"async\" src=\"https:\/\/www.femexrobotica.org\/tmr2018\/wp-content\/uploads\/2018\/03\/logo_steren.jpg\" alt=\"Steren\" \/>\n\t                            <div class=\"mkdf-team-info-tb\">\n                    <div class=\"mkdf-team-info-tc\">\n                        <div class=\"mkdf-team-title-holder\">\n                            <h4 itemprop=\"name\" class=\"mkdf-team-name entry-title\">\n                                <a itemprop=\"url\" href=\"https:\/\/www.femexrobotica.org\/tmr2018\/team-member\/steren\/\">Steren<\/a>\n                            <\/h4>\n                                                            <h6 class=\"mkdf-team-position\">En Steren encuentras todo lo que necesitas<\/h6>\n                                                    <\/div>\n                        <div class=\"mkdf-team-social-holder-between\">\n\t                                                <\/div>\n                    <\/div>\n                <\/div>\n            <\/div>\n        \t    <a itemprop=\"url\" class=\"mkdf-team-overlay-link\" href=\"https:\/\/www.femexrobotica.org\/tmr2018\/team-member\/steren\/\"><\/a>\n    <\/div>\n<\/div><div class=\"mkdf-team info-hover\" data-member-id=\"978\">\n    <div class=\"mkdf-team-inner\">\n                    <div class=\"mkdf-team-image\">\n\t            \t\t            <img decoding=\"async\" src=\"https:\/\/www.femexrobotica.org\/tmr2018\/wp-content\/uploads\/2018\/03\/SanDoRobotics.jpg\" alt=\"San Do Robotics\" \/>\n\t                            <div class=\"mkdf-team-info-tb\">\n                    <div class=\"mkdf-team-info-tc\">\n                        <div class=\"mkdf-team-title-holder\">\n                            <h4 itemprop=\"name\" class=\"mkdf-team-name entry-title\">\n                                <a itemprop=\"url\" href=\"https:\/\/www.femexrobotica.org\/tmr2018\/team-member\/san-do-robotics\/\">San Do Robotics<\/a>\n                            <\/h4>\n                                                            <h6 class=\"mkdf-team-position\">Tecnolog\u00eda en Electr\u00f3nica<\/h6>\n                                                    <\/div>\n                        <div class=\"mkdf-team-social-holder-between\">\n\t                                                <\/div>\n                    <\/div>\n                <\/div>\n            <\/div>\n        \t    <a itemprop=\"url\" class=\"mkdf-team-overlay-link\" href=\"https:\/\/www.femexrobotica.org\/tmr2018\/team-member\/san-do-robotics\/\"><\/a>\n    <\/div>\n<\/div><div class=\"mkdf-team info-hover\" data-member-id=\"1031\">\n    <div class=\"mkdf-team-inner\">\n                    <div class=\"mkdf-team-image\">\n\t            \t\t            <img decoding=\"async\" src=\"https:\/\/www.femexrobotica.org\/tmr2018\/wp-content\/uploads\/2018\/03\/LOGO-MRT-MEXICO-2017.jpg\" alt=\"My Robot Time M\u00e9xico\" \/>\n\t                            <div class=\"mkdf-team-info-tb\">\n                    <div class=\"mkdf-team-info-tc\">\n                        <div class=\"mkdf-team-title-holder\">\n                            <h4 itemprop=\"name\" class=\"mkdf-team-name entry-title\">\n                                <a itemprop=\"url\" href=\"https:\/\/www.femexrobotica.org\/tmr2018\/team-member\/my-robot-time-mexico\/\">My Robot Time M\u00e9xico<\/a>\n                            <\/h4>\n                                                            <h6 class=\"mkdf-team-position\">Me gusta aprender, Me gusta MRT<\/h6>\n                                                    <\/div>\n                        <div class=\"mkdf-team-social-holder-between\">\n\t                                                <\/div>\n                    <\/div>\n                <\/div>\n            <\/div>\n        \t    <a itemprop=\"url\" class=\"mkdf-team-overlay-link\" href=\"https:\/\/www.femexrobotica.org\/tmr2018\/team-member\/my-robot-time-mexico\/\"><\/a>\n    <\/div>\n<\/div>\t<\/div>\n<\/div><div class=\"vc_empty_space\"   style=\"height: 70px\" ><span class=\"vc_empty_space_inner\"><\/span><\/div>\n<\/div><\/div><\/div><\/div>\n","protected":false},"excerpt":{"rendered":"My Robot Time M\u00e9xico (MRT) Somos una empresa de alta tecnolog\u00eda que investiga, produce y opera de manera independiente. Inicia sus operaciones en el 2008, con un proyecto conjunto en Korea, China y Hong Kong. Nuestra empresa es una de [...]","protected":false},"author":7,"featured_media":0,"parent":0,"menu_order":0,"comment_status":"closed","ping_status":"closed","template":"","meta":{"footnotes":""},"class_list":["post-916","page","type-page","status-publish","hentry"],"yoast_head":"<!-- This site is optimized with the Yoast SEO plugin v27.6 - https:\/\/yoast.com\/product\/yoast-seo-wordpress\/ -->\n<title>PATROCINADORES - TMR2018<\/title>\n<meta name=\"robots\" content=\"noindex, follow, max-snippet:-1, max-image-preview:large, max-video-preview:-1\" \/>\n<meta property=\"og:locale\" content=\"es_MX\" \/>\n<meta property=\"og:type\" content=\"article\" \/>\n<meta property=\"og:title\" content=\"PATROCINADORES - TMR2018\" \/>\n<meta property=\"og:url\" content=\"https:\/\/www.femexrobotica.org\/tmr2018\/patrocinadores\/\" \/>\n<meta property=\"og:site_name\" content=\"TMR2018\" \/>\n<meta property=\"article:modified_time\" content=\"2018-03-19T08:39:29+00:00\" \/>\n<meta name=\"twitter:card\" content=\"summary_large_image\" \/>\n<meta name=\"twitter:label1\" content=\"Tiempo de lectura\" \/>\n\t<meta name=\"twitter:data1\" content=\"1 minuto\" \/>\n<script type=\"application\/ld+json\" class=\"yoast-schema-graph\">{\"@context\":\"https:\\\/\\\/schema.org\",\"@graph\":[{\"@type\":\"WebPage\",\"@id\":\"https:\\\/\\\/www.femexrobotica.org\\\/tmr2018\\\/en\\\/patrocinadores\\\/\",\"url\":\"https:\\\/\\\/www.femexrobotica.org\\\/tmr2018\\\/en\\\/patrocinadores\\\/\",\"name\":\"PATROCINADORES - TMR2018\",\"isPartOf\":{\"@id\":\"https:\\\/\\\/www.femexrobotica.org\\\/tmr2018\\\/en\\\/#website\"},\"datePublished\":\"2018-03-05T05:35:48+00:00\",\"dateModified\":\"2018-03-19T08:39:29+00:00\",\"breadcrumb\":{\"@id\":\"https:\\\/\\\/www.femexrobotica.org\\\/tmr2018\\\/en\\\/patrocinadores\\\/#breadcrumb\"},\"inLanguage\":\"es\",\"potentialAction\":[{\"@type\":\"ReadAction\",\"target\":[\"https:\\\/\\\/www.femexrobotica.org\\\/tmr2018\\\/en\\\/patrocinadores\\\/\"]}]},{\"@type\":\"BreadcrumbList\",\"@id\":\"https:\\\/\\\/www.femexrobotica.org\\\/tmr2018\\\/en\\\/patrocinadores\\\/#breadcrumb\",\"itemListElement\":[{\"@type\":\"ListItem\",\"position\":1,\"name\":\"Inicio\",\"item\":\"https:\\\/\\\/www.femexrobotica.org\\\/tmr2018\\\/en\\\/\"},{\"@type\":\"ListItem\",\"position\":2,\"name\":\"PATROCINADORES\"}]},{\"@type\":\"WebSite\",\"@id\":\"https:\\\/\\\/www.femexrobotica.org\\\/tmr2018\\\/en\\\/#website\",\"url\":\"https:\\\/\\\/www.femexrobotica.org\\\/tmr2018\\\/en\\\/\",\"name\":\"TMR2018\",\"description\":\"Torneo Mexicano de Rob\u00f3tica 2018\",\"publisher\":{\"@id\":\"https:\\\/\\\/www.femexrobotica.org\\\/tmr2018\\\/en\\\/#organization\"},\"potentialAction\":[{\"@type\":\"SearchAction\",\"target\":{\"@type\":\"EntryPoint\",\"urlTemplate\":\"https:\\\/\\\/www.femexrobotica.org\\\/tmr2018\\\/en\\\/?s={search_term_string}\"},\"query-input\":{\"@type\":\"PropertyValueSpecification\",\"valueRequired\":true,\"valueName\":\"search_term_string\"}}],\"inLanguage\":\"es\"},{\"@type\":\"Organization\",\"@id\":\"https:\\\/\\\/www.femexrobotica.org\\\/tmr2018\\\/en\\\/#organization\",\"name\":\"Torneo Mexicano De Rob\u00f3tica\",\"url\":\"https:\\\/\\\/www.femexrobotica.org\\\/tmr2018\\\/en\\\/\",\"logo\":{\"@type\":\"ImageObject\",\"inLanguage\":\"es\",\"@id\":\"https:\\\/\\\/www.femexrobotica.org\\\/tmr2018\\\/en\\\/#\\\/schema\\\/logo\\\/image\\\/\",\"url\":\"https:\\\/\\\/www.femexrobotica.org\\\/tmr2018\\\/wp-content\\\/uploads\\\/2018\\\/02\\\/slide-androide.jpg\",\"contentUrl\":\"https:\\\/\\\/www.femexrobotica.org\\\/tmr2018\\\/wp-content\\\/uploads\\\/2018\\\/02\\\/slide-androide.jpg\",\"width\":1920,\"height\":1100,\"caption\":\"Torneo Mexicano De Rob\u00f3tica\"},\"image\":{\"@id\":\"https:\\\/\\\/www.femexrobotica.org\\\/tmr2018\\\/en\\\/#\\\/schema\\\/logo\\\/image\\\/\"}}]}<\/script>\n<!-- \/ Yoast SEO plugin. -->","yoast_head_json":{"title":"PATROCINADORES - TMR2018","robots":{"index":"noindex","follow":"follow","max-snippet":"max-snippet:-1","max-image-preview":"max-image-preview:large","max-video-preview":"max-video-preview:-1"},"og_locale":"es_MX","og_type":"article","og_title":"PATROCINADORES - TMR2018","og_url":"https:\/\/www.femexrobotica.org\/tmr2018\/patrocinadores\/","og_site_name":"TMR2018","article_modified_time":"2018-03-19T08:39:29+00:00","twitter_card":"summary_large_image","twitter_misc":{"Tiempo de lectura":"1 minuto"},"schema":{"@context":"https:\/\/schema.org","@graph":[{"@type":"WebPage","@id":"https:\/\/www.femexrobotica.org\/tmr2018\/en\/patrocinadores\/","url":"https:\/\/www.femexrobotica.org\/tmr2018\/en\/patrocinadores\/","name":"PATROCINADORES - TMR2018","isPartOf":{"@id":"https:\/\/www.femexrobotica.org\/tmr2018\/en\/#website"},"datePublished":"2018-03-05T05:35:48+00:00","dateModified":"2018-03-19T08:39:29+00:00","breadcrumb":{"@id":"https:\/\/www.femexrobotica.org\/tmr2018\/en\/patrocinadores\/#breadcrumb"},"inLanguage":"es","potentialAction":[{"@type":"ReadAction","target":["https:\/\/www.femexrobotica.org\/tmr2018\/en\/patrocinadores\/"]}]},{"@type":"BreadcrumbList","@id":"https:\/\/www.femexrobotica.org\/tmr2018\/en\/patrocinadores\/#breadcrumb","itemListElement":[{"@type":"ListItem","position":1,"name":"Inicio","item":"https:\/\/www.femexrobotica.org\/tmr2018\/en\/"},{"@type":"ListItem","position":2,"name":"PATROCINADORES"}]},{"@type":"WebSite","@id":"https:\/\/www.femexrobotica.org\/tmr2018\/en\/#website","url":"https:\/\/www.femexrobotica.org\/tmr2018\/en\/","name":"TMR2018","description":"Torneo Mexicano de Rob\u00f3tica 2018","publisher":{"@id":"https:\/\/www.femexrobotica.org\/tmr2018\/en\/#organization"},"potentialAction":[{"@type":"SearchAction","target":{"@type":"EntryPoint","urlTemplate":"https:\/\/www.femexrobotica.org\/tmr2018\/en\/?s={search_term_string}"},"query-input":{"@type":"PropertyValueSpecification","valueRequired":true,"valueName":"search_term_string"}}],"inLanguage":"es"},{"@type":"Organization","@id":"https:\/\/www.femexrobotica.org\/tmr2018\/en\/#organization","name":"Torneo Mexicano De Rob\u00f3tica","url":"https:\/\/www.femexrobotica.org\/tmr2018\/en\/","logo":{"@type":"ImageObject","inLanguage":"es","@id":"https:\/\/www.femexrobotica.org\/tmr2018\/en\/#\/schema\/logo\/image\/","url":"https:\/\/www.femexrobotica.org\/tmr2018\/wp-content\/uploads\/2018\/02\/slide-androide.jpg","contentUrl":"https:\/\/www.femexrobotica.org\/tmr2018\/wp-content\/uploads\/2018\/02\/slide-androide.jpg","width":1920,"height":1100,"caption":"Torneo Mexicano De Rob\u00f3tica"},"image":{"@id":"https:\/\/www.femexrobotica.org\/tmr2018\/en\/#\/schema\/logo\/image\/"}}]}},"_links":{"self":[{"href":"https:\/\/www.femexrobotica.org\/tmr2018\/wp-json\/wp\/v2\/pages\/916","targetHints":{"allow":["GET"]}}],"collection":[{"href":"https:\/\/www.femexrobotica.org\/tmr2018\/wp-json\/wp\/v2\/pages"}],"about":[{"href":"https:\/\/www.femexrobotica.org\/tmr2018\/wp-json\/wp\/v2\/types\/page"}],"author":[{"embeddable":true,"href":"https:\/\/www.femexrobotica.org\/tmr2018\/wp-json\/wp\/v2\/users\/7"}],"replies":[{"embeddable":true,"href":"https:\/\/www.femexrobotica.org\/tmr2018\/wp-json\/wp\/v2\/comments?post=916"}],"version-history":[{"count":10,"href":"https:\/\/www.femexrobotica.org\/tmr2018\/wp-json\/wp\/v2\/pages\/916\/revisions"}],"predecessor-version":[{"id":1032,"href":"https:\/\/www.femexrobotica.org\/tmr2018\/wp-json\/wp\/v2\/pages\/916\/revisions\/1032"}],"wp:attachment":[{"href":"https:\/\/www.femexrobotica.org\/tmr2018\/wp-json\/wp\/v2\/media?parent=916"}],"curies":[{"name":"wp","href":"https:\/\/api.w.org\/{rel}","templated":true}]}}