{"id":84,"date":"2018-01-21T14:52:52","date_gmt":"2018-01-21T20:52:52","guid":{"rendered":"https:\/\/www.femexrobotica.org\/tmr2018\/?page_id=84"},"modified":"2018-04-03T23:54:50","modified_gmt":"2018-04-04T04:54:50","slug":"inicio","status":"publish","type":"page","link":"https:\/\/www.femexrobotica.org\/tmr2018\/","title":{"rendered":"INICIO"},"content":{"rendered":"<div class=\"vc_row wpb_row vc_row-fluid\" ><div class=\"wpb_column vc_column_container vc_col-sm-12\"><div class=\"vc_column-inner \"><div class=\"wpb_wrapper\"><div class=\"mkdf-elements-holder   mkdf-one-column  mkdf-responsive-mode-768 \" ><div class=\"mkdf-eh-item    \"  data-item-class=\"mkdf-eh-custom-8923\" data-1280-1600=\"33px 0px 0px 0px\" data-1024-1280=\"22px 0px 0px 0px\" data-768-1024=\"31px 0px 0px 0px\" data-680-768=\"12px 0px 0px 0px\" data-680=\"0px 0px 0px 0px\">\n\t<div class=\"mkdf-eh-item-inner\">\n\t\t<div class=\"mkdf-eh-item-content mkdf-eh-custom-8923\" style=\"padding: 66px 0px 0px 0px\">\n\t\t\t[rev_slider_vc alias=&#8221;slider-inicio&#8221; slider_style=&#8221;&#8221; enable_paspartu=&#8221;no&#8221;]\t\t<\/div>\n\t<\/div>\n<\/div><\/div><\/div><\/div><\/div><\/div><div class=\"mkdf-row-grid-section-wrapper \"  ><div class=\"mkdf-row-grid-section\"><div class=\"vc_row wpb_row vc_row-fluid vc_custom_1517368862227\" ><div class=\"wpb_column vc_column_container vc_col-sm-12 vc_col-lg-6\"><div class=\"vc_column-inner \"><div class=\"wpb_wrapper\"><div class=\"mkdf-elements-holder   mkdf-one-column  mkdf-responsive-mode-768 \" ><div class=\"mkdf-eh-item    \"  data-item-class=\"mkdf-eh-custom-3254\" data-680=\"25px 0% 95px 0%\">\n\t<div class=\"mkdf-eh-item-inner\">\n\t\t<div class=\"mkdf-eh-item-content mkdf-eh-custom-3254\" style=\"padding: 25px 12% 0px 0%\">\n\t\t\t<div class=\"mkdf-section-title-holder  \" >\n\t<div class=\"mkdf-st-inner\">\n\t\t\t\t\t<h6 class=\"mkdf-st-tagline\" >\n\t\t\t\tEn Monterrey Nuevo Le\u00f3n\t\t\t<\/h6>\n\t\t\t\t\t\t\t<h2 class=\"mkdf-st-title\" >\n\t\t\t\tTORNEO MEXICANO DE ROB\u00d3TICA 2018 \t\t\t\t<span class=\"mkdf-st-title-mark\" ><\/span>\n\t\t\t<\/h2>\n\t\t\t\t\t\t\t<div class=\"mkdf-st-separator\" ><\/div>\n\t\t\t\t\t\t\t<h5 class=\"mkdf-st-subtitle\" style=\"color: #868686\">\n\t\t\t\tX TMR - D\u00e9cimo Torneo Mexicano de Rob\u00f3tica\t\t\t<\/h5>\n\t\t\t\t\t\t\t<p class=\"mkdf-st-text\" style=\"color: #868686\">\n\t\t\t\tEn Fundaci\u00f3n ProRob\u00f3tica de Nuevo Le\u00f3n nos sentimos honrados de ser part\u00edcipes de este evento de talla nacional organizado por La Federaci\u00f3n Mexicana de Rob\u00f3tica A.C. (FMR) en colaboraci\u00f3n de instituciones de estudios superiores m\u00e1s importantes del pa\u00eds, a\u00f1o con a\u00f1o, desde el 2008. \t\t\t<\/p>\n\t\t\t<\/div>\n<\/div>\t\t<\/div>\n\t<\/div>\n<\/div><\/div><\/div><\/div><\/div><div class=\"wpb_column vc_column_container vc_col-sm-12 vc_col-lg-6\"><div class=\"vc_column-inner \"><div class=\"wpb_wrapper\"><div class=\"mkdf-elements-holder   mkdf-one-column  mkdf-responsive-mode-768 \" ><div class=\"mkdf-eh-item    \"  data-item-class=\"mkdf-eh-custom-6969\" data-1280-1600=\"0px 0px\" data-1024-1280=\"0px 0px\" data-768-1024=\"95px 0px 0px 0px\" data-680-768=\"90px 0px 0px 0px\">\n\t<div class=\"mkdf-eh-item-inner\">\n\t\t<div class=\"mkdf-eh-item-content mkdf-eh-custom-6969\" style=\"padding: 0px 0px\">\n\t\t\t[rev_slider_vc alias=&#8221;tmr2018&#8243; slider_style=&#8221;&#8221; enable_paspartu=&#8221;no&#8221;]\t\t<\/div>\n\t<\/div>\n<\/div><\/div><\/div><\/div><\/div><\/div><\/div><\/div><div class=\"vc_row wpb_row vc_row-fluid\" style=\"background-color:#ee0034\"><div class=\"wpb_column vc_column_container vc_col-sm-12\"><div class=\"vc_column-inner vc_custom_1496920009222\"><div class=\"wpb_wrapper\"><div class=\"mkdf-elements-holder   mkdf-two-columns  mkdf-responsive-mode-1024 \" ><div class=\"mkdf-eh-item    \"  data-item-class=\"mkdf-eh-custom-4493\" data-1280-1600=\"15px 0% 0px 8%\" data-1024-1280=\"15px 14% 0px 13%\" data-768-1024=\"15px 10% 75px 6% \" data-680-768=\"15px 0% 76px 9%\" data-680=\"15px 0% 0px 11%\">\n\t<div class=\"mkdf-eh-item-inner\">\n\t\t<div class=\"mkdf-eh-item-content mkdf-eh-custom-4493\" style=\"padding: 15px 0% 0px 32%\">\n\t\t\t\n\t<div class=\"wpb_text_column wpb_content_element \" >\n\t\t<div class=\"wpb_wrapper\">\n\t\t\t<h2 style=\"text-align: center;\"><span style=\"color: #ffffff;\">COMIT\u00c9 ORGANIZADOR DEL X TMR<\/span><\/h2>\n\n\t\t<\/div>\n\t<\/div>\n\n\t<div  class=\"wpb_single_image wpb_content_element vc_align_center\">\n\t\t\n\t\t<figure class=\"wpb_wrapper vc_figure\">\n\t\t\t<div class=\"vc_single_image-wrapper vc_box_shadow_3d  vc_box_border_grey\"><img loading=\"lazy\" decoding=\"async\" width=\"1085\" height=\"332\" src=\"https:\/\/www.femexrobotica.org\/tmr2018\/wp-content\/uploads\/2018\/04\/Fundacion.jpg\" class=\"vc_single_image-img attachment-full\" alt=\"\" srcset=\"https:\/\/www.femexrobotica.org\/tmr2018\/wp-content\/uploads\/2018\/04\/Fundacion.jpg 1085w, https:\/\/www.femexrobotica.org\/tmr2018\/wp-content\/uploads\/2018\/04\/Fundacion-300x92.jpg 300w, https:\/\/www.femexrobotica.org\/tmr2018\/wp-content\/uploads\/2018\/04\/Fundacion-768x235.jpg 768w, https:\/\/www.femexrobotica.org\/tmr2018\/wp-content\/uploads\/2018\/04\/Fundacion-1024x313.jpg 1024w\" sizes=\"auto, (max-width: 1085px) 100vw, 1085px\" \/><\/div>\n\t\t<\/figure>\n\t<\/div>\n\n\t<div class=\"wpb_text_column wpb_content_element \" >\n\t\t<div class=\"wpb_wrapper\">\n\t\t\t<h2 style=\"text-align: center;\"><span style=\"color: #ffffff;\">AGRADECEMOS TU PARTICIPACI\u00d3N<\/span><\/h2>\n\n\t\t<\/div>\n\t<\/div>\n\t\t<\/div>\n\t<\/div>\n<\/div><\/div><\/div><\/div><\/div><\/div><div class=\"vc_row wpb_row vc_row-fluid vc_custom_1517368850289\" style=\"background-color:#fbf9f9\"><div class=\"wpb_column vc_column_container vc_col-sm-12\"><div class=\"vc_column-inner \"><div class=\"wpb_wrapper\"><div class=\"vc_row wpb_row vc_inner vc_row-fluid accesos vc_row-o-content-top vc_row-flex\" ><div class=\"wpb_column vc_column_container vc_col-sm-4\"><div class=\"vc_column-inner \"><div class=\"wpb_wrapper\">\n\t<div  class=\"wpb_single_image wpb_content_element vc_align_left\">\n\t\t<h2 class=\"wpb_heading wpb_singleimage_heading\">Torneo Mexicano de Rob\u00f3tica, 22, 23 y 24 de Marzo<\/h2>\n\t\t<figure class=\"wpb_wrapper vc_figure\">\n\t\t\t<a href=\"https:\/\/www.femexrobotica.org\/tmr2018\/tmr-2018\/convocatoria\/\" target=\"_blank\" class=\"vc_single_image-wrapper   vc_box_border_grey\"><img loading=\"lazy\" decoding=\"async\" class=\"vc_single_image-img \" src=\"https:\/\/www.femexrobotica.org\/tmr2018\/wp-content\/uploads\/2018\/01\/mx-456x256.jpg\" width=\"456\" height=\"256\" alt=\"Torneo Mexicano de Rob\u00f3tica, 22, 23 y 24 de Marzo\" title=\"Torneo Mexicano de Rob\u00f3tica, 22, 23 y 24 de Marzo\" \/><\/a>\n\t\t<\/figure>\n\t<\/div>\n<\/div><\/div><\/div><div class=\"wpb_column vc_column_container vc_col-sm-4\"><div class=\"vc_column-inner \"><div class=\"wpb_wrapper\">\n\t<div  class=\"wpb_single_image wpb_content_element vc_align_left\">\n\t\t<h2 class=\"wpb_heading wpb_singleimage_heading\">SEDE - Tecnol\u00f3gico de Monterrey<\/h2>\n\t\t<figure class=\"wpb_wrapper vc_figure\">\n\t\t\t<a href=\"https:\/\/www.femexrobotica.org\/tmr2018\/tecnologico_de_monterrey\/\" target=\"_blank\" class=\"vc_single_image-wrapper   vc_box_border_grey\"><img loading=\"lazy\" decoding=\"async\" class=\"vc_single_image-img \" src=\"https:\/\/www.femexrobotica.org\/tmr2018\/wp-content\/uploads\/2018\/01\/rectoria-456x256.jpg\" width=\"456\" height=\"256\" alt=\"SEDE \u2013 Tecnol\u00f3gico de Monterrey\" title=\"SEDE \u2013 Tecnol\u00f3gico de Monterrey\" \/><\/a>\n\t\t<\/figure>\n\t<\/div>\n<\/div><\/div><\/div><div class=\"wpb_column vc_column_container vc_col-sm-4\"><div class=\"vc_column-inner \"><div class=\"wpb_wrapper\">\n\t<div  class=\"wpb_single_image wpb_content_element vc_align_left\">\n\t\t<h2 class=\"wpb_heading wpb_singleimage_heading\">Monterrey Nuevo Le\u00f3n, M\u00e9xico<\/h2>\n\t\t<figure class=\"wpb_wrapper vc_figure\">\n\t\t\t<a href=\"https:\/\/www.femexrobotica.org\/tmr2018\/lugares_de_interes\/\" target=\"_blank\" class=\"vc_single_image-wrapper   vc_box_border_grey\"><img loading=\"lazy\" decoding=\"async\" class=\"vc_single_image-img \" src=\"https:\/\/www.femexrobotica.org\/tmr2018\/wp-content\/uploads\/2018\/01\/nuevoleon-456x256.jpg\" width=\"456\" height=\"256\" alt=\"Monterrey Nuevo Le\u00f3n, M\u00e9xico\" title=\"Monterrey Nuevo Le\u00f3n, M\u00e9xico\" \/><\/a>\n\t\t<\/figure>\n\t<\/div>\n<\/div><\/div><\/div><\/div><\/div><\/div><\/div><\/div><div class=\"mkdf-row-grid-section-wrapper mkdf-content-aligment-center\"  ><div class=\"mkdf-row-grid-section\"><div class=\"vc_row wpb_row vc_row-fluid vc_custom_1517368825625\" ><div class=\"wpb_column vc_column_container vc_col-sm-12\"><div class=\"vc_column-inner \"><div class=\"wpb_wrapper\"><div class=\"mkdf-elements-holder   mkdf-one-column  mkdf-responsive-mode-768 \" ><div class=\"mkdf-eh-item    \"  data-item-class=\"mkdf-eh-custom-3646\" data-1024-1280=\"0px 24%\" data-768-1024=\"0px 15%\" data-680-768=\"0px 4%\" data-680=\"0px 0%\">\n\t<div class=\"mkdf-eh-item-inner\">\n\t\t<div class=\"mkdf-eh-item-content mkdf-eh-custom-3646\" style=\"padding: 0px 29%\">\n\t\t\t<div class=\"mkdf-section-title-holder  \" style=\"text-align: center\">\n\t<div class=\"mkdf-st-inner\">\n\t\t\t\t\t<h6 class=\"mkdf-st-tagline\" style=\"color: #a3a3a3\">\n\t\t\t\t\u00a1 Gracias por hacerlo posible !\t\t\t<\/h6>\n\t\t\t\t\t\t\t<h2 class=\"mkdf-st-title\" >\n\t\t\t\tPATROCINADORES\t\t\t\t<span class=\"mkdf-st-title-mark\" ><\/span>\n\t\t\t<\/h2>\n\t\t\t\t\t\t\t<div class=\"mkdf-st-separator\" ><\/div>\n\t\t\t\t\t\t\t<\/div>\n<\/div><div class=\"vc_empty_space\"   style=\"height: 32px\" ><span class=\"vc_empty_space_inner\"><\/span><\/div>\n\t\t<\/div>\n\t<\/div>\n<\/div><\/div><div class=\"mkdf-clients-wc-holder  mkdf-ch-columns-4 mkdf-ch-no-space mkdf-ch-alignment-center mkdf-cc-hover-shadow\">\n\t<div class=\"mkdf-ch-inner\">\n\t\t<div class=\"mkdf-cc-item\">\n\t\t<a itemprop=\"url\" class=\"mkdf-cc-link mkdf-block-drag-link \" href=\"https:\/\/www.femexrobotica.org\/\" target=\"_blank\">\n\t\t\t\t\t\t\t<img decoding=\"async\" itemprop=\"image\" class=\"mkdf-cc-image\" src=\"https:\/\/www.femexrobotica.org\/tmr2018\/wp-content\/uploads\/2018\/02\/fundacion-mexicana-de-robotica.png\" alt=\"\" \/>\n\t\t\t\t\t\t\t\t<\/a>\n<\/div><div class=\"mkdf-cc-item\">\n\t\t<a itemprop=\"url\" class=\"mkdf-cc-link mkdf-block-drag-link \" href=\"http:\/\/fundacionprorobotica.org\/\" target=\"_blank\">\n\t\t\t\t\t\t\t<img decoding=\"async\" itemprop=\"image\" class=\"mkdf-cc-image\" src=\"https:\/\/www.femexrobotica.org\/tmr2018\/wp-content\/uploads\/2018\/01\/fundacion-prorobotica.png\" alt=\"\" \/>\n\t\t\t\t\t\t\t\t<\/a>\n<\/div><div class=\"mkdf-cc-item\">\n\t\t<a itemprop=\"url\" class=\"mkdf-cc-link mkdf-block-drag-link \" href=\"http:\/\/tec.mx\/es\" target=\"_blank\">\n\t\t\t\t\t\t\t<img decoding=\"async\" itemprop=\"image\" class=\"mkdf-cc-image\" src=\"https:\/\/www.femexrobotica.org\/tmr2018\/wp-content\/uploads\/2018\/01\/tec-mty.png\" alt=\"\" \/>\n\t\t\t\t\t\t\t\t<\/a>\n<\/div><div class=\"mkdf-cc-item\">\n\t\t<a itemprop=\"url\" class=\"mkdf-cc-link mkdf-block-drag-link \" href=\"http:\/\/www.ocvmty.com.mx\" target=\"_blank\">\n\t\t\t\t\t\t\t<img decoding=\"async\" itemprop=\"image\" class=\"mkdf-cc-image\" src=\"https:\/\/www.femexrobotica.org\/tmr2018\/wp-content\/uploads\/2018\/01\/mty.png\" alt=\"\" \/>\n\t\t\t\t\t\t\t\t<\/a>\n<\/div>\t<\/div>\n<\/div><\/div><\/div><\/div><\/div><\/div><\/div><div class=\"vc_row wpb_row vc_row-fluid\" ><div class=\"wpb_column vc_column_container vc_col-sm-12\"><div class=\"vc_column-inner \"><div class=\"wpb_wrapper\"><div class=\"mkdf-elements-holder   mkdf-one-column  mkdf-responsive-mode-768 \" ><div class=\"mkdf-eh-item    \"  data-item-class=\"mkdf-eh-custom-5175\" data-1024-1280=\"0px 24%\" data-768-1024=\"0px 15%\" data-680-768=\"0px 4%\" data-680=\"0px 0%\">\n\t<div class=\"mkdf-eh-item-inner\">\n\t\t<div class=\"mkdf-eh-item-content mkdf-eh-custom-5175\" style=\"padding: 0px 29%\">\n\t\t\t<div class=\"mkdf-section-title-holder  \" style=\"text-align: center\">\n\t<div class=\"mkdf-st-inner\">\n\t\t\t\t\t\t\t<h2 class=\"mkdf-st-title\" >\n\t\t\t\tSILVER\t\t\t\t<span class=\"mkdf-st-title-mark\" ><\/span>\n\t\t\t<\/h2>\n\t\t\t\t\t\t\t<div class=\"mkdf-st-separator\" ><\/div>\n\t\t\t\t\t\t\t<\/div>\n<\/div><div class=\"vc_empty_space\"   style=\"height: 32px\" ><span class=\"vc_empty_space_inner\"><\/span><\/div>\n\t\t<\/div>\n\t<\/div>\n<\/div><\/div><div class=\"mkdf-clients-wc-holder  mkdf-ch-columns-3 mkdf-ch-no-space mkdf-ch-alignment-center mkdf-cc-hover-shadow\">\n\t<div class=\"mkdf-ch-inner\">\n\t\t<div class=\"mkdf-cc-item\">\n\t\t<a itemprop=\"url\" class=\"mkdf-cc-link mkdf-block-drag-link \" href=\"http:\/\/talent-land.mx\" target=\"_blank\">\n\t\t\t\t\t\t\t<img decoding=\"async\" itemprop=\"image\" class=\"mkdf-cc-image\" src=\"https:\/\/www.femexrobotica.org\/tmr2018\/wp-content\/uploads\/2018\/03\/LogoTalent.png\" alt=\"\" \/>\n\t\t\t\t\t\t\t\t<\/a>\n<\/div><div class=\"mkdf-cc-item\">\n\t\t<a itemprop=\"url\" class=\"mkdf-cc-link mkdf-block-drag-link \" href=\"http:\/\/www.creativakids.com.mx\" target=\"_blank\">\n\t\t\t\t\t\t\t<img decoding=\"async\" itemprop=\"image\" class=\"mkdf-cc-image\" src=\"https:\/\/www.femexrobotica.org\/tmr2018\/wp-content\/uploads\/2018\/03\/creative_thumb.png\" alt=\"\" \/>\n\t\t\t\t\t\t\t\t<\/a>\n<\/div><div class=\"mkdf-cc-item\">\n\t\t<a itemprop=\"url\" class=\"mkdf-cc-link mkdf-block-drag-link \" href=\"http:\/\/www.multion.com\" target=\"_blank\">\n\t\t\t\t\t\t\t<img decoding=\"async\" itemprop=\"image\" class=\"mkdf-cc-image\" src=\"https:\/\/www.femexrobotica.org\/tmr2018\/wp-content\/uploads\/2018\/03\/mution_thumb.png\" alt=\"\" \/>\n\t\t\t\t\t\t\t\t<\/a>\n<\/div>\t<\/div>\n<\/div><div class=\"vc_empty_space\"   style=\"height: 32px\" ><span class=\"vc_empty_space_inner\"><\/span><\/div>\n<div class=\"mkdf-elements-holder   mkdf-one-column  mkdf-responsive-mode-768 \" ><div class=\"mkdf-eh-item    \"  data-item-class=\"mkdf-eh-custom-2046\" data-1024-1280=\"0px 24%\" data-768-1024=\"0px 15%\" data-680-768=\"0px 4%\" data-680=\"0px 0%\">\n\t<div class=\"mkdf-eh-item-inner\">\n\t\t<div class=\"mkdf-eh-item-content mkdf-eh-custom-2046\" style=\"padding: 0px 29%\">\n\t\t\t<div class=\"mkdf-section-title-holder  \" style=\"text-align: center\">\n\t<div class=\"mkdf-st-inner\">\n\t\t\t\t\t\t\t<h2 class=\"mkdf-st-title\" >\n\t\t\t\tBRONZE\t\t\t\t<span class=\"mkdf-st-title-mark\" ><\/span>\n\t\t\t<\/h2>\n\t\t\t\t\t\t\t<div class=\"mkdf-st-separator\" ><\/div>\n\t\t\t\t\t\t\t<\/div>\n<\/div><div class=\"vc_empty_space\"   style=\"height: 32px\" ><span class=\"vc_empty_space_inner\"><\/span><\/div>\n\t\t<\/div>\n\t<\/div>\n<\/div><\/div><div class=\"mkdf-clients-wc-holder  mkdf-ch-columns-3 mkdf-ch-no-space mkdf-ch-alignment-center mkdf-cc-hover-shadow\">\n\t<div class=\"mkdf-ch-inner\">\n\t\t<div class=\"mkdf-cc-item\">\n\t\t<a itemprop=\"url\" class=\"mkdf-cc-link mkdf-block-drag-link \" href=\"http:\/\/www.steren.com.mx\" target=\"_blank\">\n\t\t\t\t\t\t\t<img decoding=\"async\" itemprop=\"image\" class=\"mkdf-cc-image\" src=\"https:\/\/www.femexrobotica.org\/tmr2018\/wp-content\/uploads\/2018\/03\/logo_steren.jpg\" alt=\"\" \/>\n\t\t\t\t\t\t\t\t<\/a>\n<\/div><div class=\"mkdf-cc-item\">\n\t\t<a itemprop=\"url\" class=\"mkdf-cc-link mkdf-block-drag-link \" href=\"http:\/\/www.sandorobotics.com\" target=\"_blank\">\n\t\t\t\t\t\t\t<img decoding=\"async\" itemprop=\"image\" class=\"mkdf-cc-image\" src=\"https:\/\/www.femexrobotica.org\/tmr2018\/wp-content\/uploads\/2018\/03\/SanDoRobotics.jpg\" alt=\"\" \/>\n\t\t\t\t\t\t\t\t<\/a>\n<\/div><div class=\"mkdf-cc-item\">\n\t\t<a itemprop=\"url\" class=\"mkdf-cc-link mkdf-block-drag-link \" href=\"http:\/\/www.roboticamexico.com\" target=\"_blank\">\n\t\t\t\t\t\t\t<img decoding=\"async\" itemprop=\"image\" class=\"mkdf-cc-image\" src=\"https:\/\/www.femexrobotica.org\/tmr2018\/wp-content\/uploads\/2018\/03\/LOGO-MRT-MEXICO-2017.jpg\" alt=\"\" \/>\n\t\t\t\t\t\t\t\t<\/a>\n<\/div>\t<\/div>\n<\/div><div class=\"vc_empty_space\"   style=\"height: 70px\" ><span class=\"vc_empty_space_inner\"><\/span><\/div>\n<div  class=\"wpb_widgetised_column wpb_content_element\">\n\t\t<div class=\"wpb_wrapper\">\n\t\t\t\n\t\t\t\n\t\t<\/div>\n\t<\/div>\n<\/div><\/div><\/div><\/div>\n","protected":false},"excerpt":{"rendered":"[rev_slider_vc alias=\"slider-inicio\" slider_style=\"\" enable_paspartu=\"no\"] En Monterrey Nuevo Le\u00f3n TORNEO MEXICANO DE ROB\u00d3TICA 2018 X TMR - D\u00e9cimo Torneo Mexicano de Rob\u00f3tica En Fundaci\u00f3n ProRob\u00f3tica de Nuevo Le\u00f3n nos sentimos honrados de ser part\u00edcipes de este evento de talla nacional organizado [...]","protected":false},"author":7,"featured_media":0,"parent":0,"menu_order":0,"comment_status":"closed","ping_status":"closed","template":"full-width.php","meta":{"footnotes":""},"class_list":["post-84","page","type-page","status-publish","hentry"],"yoast_head":"<!-- This site is optimized with the Yoast SEO plugin v27.6 - https:\/\/yoast.com\/product\/yoast-seo-wordpress\/ -->\n<title>Torneo Mexicano de Rob\u00f3tica 2018<\/title>\n<meta name=\"description\" content=\"El Torneo Mexicano de Rob\u00f3tica (TMR) es organizado anualmente por la Federaci\u00f3n Mexicana de Rob\u00f3tica A.C. (FMR) desde el a\u00f1o 2008 en colaboraci\u00f3n con algunas de las m\u00e1s importantes instituciones educativas del pa\u00eds.\" \/>\n<meta name=\"robots\" content=\"noindex, follow, max-snippet:-1, max-image-preview:large, max-video-preview:-1\" \/>\n<meta property=\"og:locale\" content=\"es_MX\" \/>\n<meta property=\"og:type\" content=\"article\" \/>\n<meta property=\"og:title\" content=\"TMR2018\" \/>\n<meta property=\"og:description\" content=\"El Torneo Mexicano de Rob\u00f3tica (TMR) es organizado anualmente por la Federaci\u00f3n Mexicana de Rob\u00f3tica A.C. (FMR) desde el a\u00f1o 2008 en colaboraci\u00f3n con algunas de las m\u00e1s importantes instituciones educativas del pa\u00eds.\" \/>\n<meta property=\"og:url\" content=\"https:\/\/www.femexrobotica.org\/tmr2018\/\" \/>\n<meta property=\"og:site_name\" content=\"TMR2018\" \/>\n<meta property=\"article:modified_time\" content=\"2018-04-04T04:54:50+00:00\" \/>\n<meta property=\"og:image\" content=\"https:\/\/www.femexrobotica.org\/tmr2018\/wp-content\/uploads\/2018\/01\/RobotMex.jpg\" \/>\n\t<meta property=\"og:image:width\" content=\"696\" \/>\n\t<meta property=\"og:image:height\" content=\"461\" \/>\n\t<meta property=\"og:image:type\" content=\"image\/jpeg\" \/>\n<meta name=\"twitter:card\" content=\"summary_large_image\" \/>\n<meta name=\"twitter:label1\" content=\"Tiempo de lectura\" \/>\n\t<meta name=\"twitter:data1\" content=\"5 minutos\" \/>\n<script type=\"application\/ld+json\" class=\"yoast-schema-graph\">{\"@context\":\"https:\\\/\\\/schema.org\",\"@graph\":[{\"@type\":\"WebPage\",\"@id\":\"https:\\\/\\\/www.femexrobotica.org\\\/tmr2018\\\/en\\\/\",\"url\":\"https:\\\/\\\/www.femexrobotica.org\\\/tmr2018\\\/en\\\/\",\"name\":\"Torneo Mexicano de Rob\u00f3tica 2018\",\"isPartOf\":{\"@id\":\"https:\\\/\\\/www.femexrobotica.org\\\/tmr2018\\\/en\\\/#website\"},\"datePublished\":\"2018-01-21T20:52:52+00:00\",\"dateModified\":\"2018-04-04T04:54:50+00:00\",\"description\":\"El Torneo Mexicano de Rob\u00f3tica (TMR) es organizado anualmente por la Federaci\u00f3n Mexicana de Rob\u00f3tica A.C. (FMR) desde el a\u00f1o 2008 en colaboraci\u00f3n con algunas de las m\u00e1s importantes instituciones educativas del pa\u00eds.\",\"breadcrumb\":{\"@id\":\"https:\\\/\\\/www.femexrobotica.org\\\/tmr2018\\\/en\\\/#breadcrumb\"},\"inLanguage\":\"es\",\"potentialAction\":[{\"@type\":\"ReadAction\",\"target\":[\"https:\\\/\\\/www.femexrobotica.org\\\/tmr2018\\\/en\\\/\"]}]},{\"@type\":\"BreadcrumbList\",\"@id\":\"https:\\\/\\\/www.femexrobotica.org\\\/tmr2018\\\/en\\\/#breadcrumb\",\"itemListElement\":[{\"@type\":\"ListItem\",\"position\":1,\"name\":\"Inicio\",\"item\":\"https:\\\/\\\/www.femexrobotica.org\\\/tmr2018\\\/en\\\/\"},{\"@type\":\"ListItem\",\"position\":2,\"name\":\"INICIO\"}]},{\"@type\":\"WebSite\",\"@id\":\"https:\\\/\\\/www.femexrobotica.org\\\/tmr2018\\\/en\\\/#website\",\"url\":\"https:\\\/\\\/www.femexrobotica.org\\\/tmr2018\\\/en\\\/\",\"name\":\"TMR2018\",\"description\":\"Torneo Mexicano de Rob\u00f3tica 2018\",\"publisher\":{\"@id\":\"https:\\\/\\\/www.femexrobotica.org\\\/tmr2018\\\/en\\\/#organization\"},\"potentialAction\":[{\"@type\":\"SearchAction\",\"target\":{\"@type\":\"EntryPoint\",\"urlTemplate\":\"https:\\\/\\\/www.femexrobotica.org\\\/tmr2018\\\/en\\\/?s={search_term_string}\"},\"query-input\":{\"@type\":\"PropertyValueSpecification\",\"valueRequired\":true,\"valueName\":\"search_term_string\"}}],\"inLanguage\":\"es\"},{\"@type\":\"Organization\",\"@id\":\"https:\\\/\\\/www.femexrobotica.org\\\/tmr2018\\\/en\\\/#organization\",\"name\":\"Torneo Mexicano De Rob\u00f3tica\",\"url\":\"https:\\\/\\\/www.femexrobotica.org\\\/tmr2018\\\/en\\\/\",\"logo\":{\"@type\":\"ImageObject\",\"inLanguage\":\"es\",\"@id\":\"https:\\\/\\\/www.femexrobotica.org\\\/tmr2018\\\/en\\\/#\\\/schema\\\/logo\\\/image\\\/\",\"url\":\"https:\\\/\\\/www.femexrobotica.org\\\/tmr2018\\\/wp-content\\\/uploads\\\/2018\\\/02\\\/slide-androide.jpg\",\"contentUrl\":\"https:\\\/\\\/www.femexrobotica.org\\\/tmr2018\\\/wp-content\\\/uploads\\\/2018\\\/02\\\/slide-androide.jpg\",\"width\":1920,\"height\":1100,\"caption\":\"Torneo Mexicano De Rob\u00f3tica\"},\"image\":{\"@id\":\"https:\\\/\\\/www.femexrobotica.org\\\/tmr2018\\\/en\\\/#\\\/schema\\\/logo\\\/image\\\/\"}}]}<\/script>\n<!-- \/ Yoast SEO plugin. -->","yoast_head_json":{"title":"Torneo Mexicano de Rob\u00f3tica 2018","description":"El Torneo Mexicano de Rob\u00f3tica (TMR) es organizado anualmente por la Federaci\u00f3n Mexicana de Rob\u00f3tica A.C. (FMR) desde el a\u00f1o 2008 en colaboraci\u00f3n con algunas de las m\u00e1s importantes instituciones educativas del pa\u00eds.","robots":{"index":"noindex","follow":"follow","max-snippet":"max-snippet:-1","max-image-preview":"max-image-preview:large","max-video-preview":"max-video-preview:-1"},"og_locale":"es_MX","og_type":"article","og_title":"TMR2018","og_description":"El Torneo Mexicano de Rob\u00f3tica (TMR) es organizado anualmente por la Federaci\u00f3n Mexicana de Rob\u00f3tica A.C. (FMR) desde el a\u00f1o 2008 en colaboraci\u00f3n con algunas de las m\u00e1s importantes instituciones educativas del pa\u00eds.","og_url":"https:\/\/www.femexrobotica.org\/tmr2018\/","og_site_name":"TMR2018","article_modified_time":"2018-04-04T04:54:50+00:00","og_image":[{"width":696,"height":461,"url":"https:\/\/www.femexrobotica.org\/tmr2018\/wp-content\/uploads\/2018\/01\/RobotMex.jpg","type":"image\/jpeg"}],"twitter_card":"summary_large_image","twitter_misc":{"Tiempo de lectura":"5 minutos"},"schema":{"@context":"https:\/\/schema.org","@graph":[{"@type":"WebPage","@id":"https:\/\/www.femexrobotica.org\/tmr2018\/en\/","url":"https:\/\/www.femexrobotica.org\/tmr2018\/en\/","name":"Torneo Mexicano de Rob\u00f3tica 2018","isPartOf":{"@id":"https:\/\/www.femexrobotica.org\/tmr2018\/en\/#website"},"datePublished":"2018-01-21T20:52:52+00:00","dateModified":"2018-04-04T04:54:50+00:00","description":"El Torneo Mexicano de Rob\u00f3tica (TMR) es organizado anualmente por la Federaci\u00f3n Mexicana de Rob\u00f3tica A.C. (FMR) desde el a\u00f1o 2008 en colaboraci\u00f3n con algunas de las m\u00e1s importantes instituciones educativas del pa\u00eds.","breadcrumb":{"@id":"https:\/\/www.femexrobotica.org\/tmr2018\/en\/#breadcrumb"},"inLanguage":"es","potentialAction":[{"@type":"ReadAction","target":["https:\/\/www.femexrobotica.org\/tmr2018\/en\/"]}]},{"@type":"BreadcrumbList","@id":"https:\/\/www.femexrobotica.org\/tmr2018\/en\/#breadcrumb","itemListElement":[{"@type":"ListItem","position":1,"name":"Inicio","item":"https:\/\/www.femexrobotica.org\/tmr2018\/en\/"},{"@type":"ListItem","position":2,"name":"INICIO"}]},{"@type":"WebSite","@id":"https:\/\/www.femexrobotica.org\/tmr2018\/en\/#website","url":"https:\/\/www.femexrobotica.org\/tmr2018\/en\/","name":"TMR2018","description":"Torneo Mexicano de Rob\u00f3tica 2018","publisher":{"@id":"https:\/\/www.femexrobotica.org\/tmr2018\/en\/#organization"},"potentialAction":[{"@type":"SearchAction","target":{"@type":"EntryPoint","urlTemplate":"https:\/\/www.femexrobotica.org\/tmr2018\/en\/?s={search_term_string}"},"query-input":{"@type":"PropertyValueSpecification","valueRequired":true,"valueName":"search_term_string"}}],"inLanguage":"es"},{"@type":"Organization","@id":"https:\/\/www.femexrobotica.org\/tmr2018\/en\/#organization","name":"Torneo Mexicano De Rob\u00f3tica","url":"https:\/\/www.femexrobotica.org\/tmr2018\/en\/","logo":{"@type":"ImageObject","inLanguage":"es","@id":"https:\/\/www.femexrobotica.org\/tmr2018\/en\/#\/schema\/logo\/image\/","url":"https:\/\/www.femexrobotica.org\/tmr2018\/wp-content\/uploads\/2018\/02\/slide-androide.jpg","contentUrl":"https:\/\/www.femexrobotica.org\/tmr2018\/wp-content\/uploads\/2018\/02\/slide-androide.jpg","width":1920,"height":1100,"caption":"Torneo Mexicano De Rob\u00f3tica"},"image":{"@id":"https:\/\/www.femexrobotica.org\/tmr2018\/en\/#\/schema\/logo\/image\/"}}]}},"_links":{"self":[{"href":"https:\/\/www.femexrobotica.org\/tmr2018\/wp-json\/wp\/v2\/pages\/84","targetHints":{"allow":["GET"]}}],"collection":[{"href":"https:\/\/www.femexrobotica.org\/tmr2018\/wp-json\/wp\/v2\/pages"}],"about":[{"href":"https:\/\/www.femexrobotica.org\/tmr2018\/wp-json\/wp\/v2\/types\/page"}],"author":[{"embeddable":true,"href":"https:\/\/www.femexrobotica.org\/tmr2018\/wp-json\/wp\/v2\/users\/7"}],"replies":[{"embeddable":true,"href":"https:\/\/www.femexrobotica.org\/tmr2018\/wp-json\/wp\/v2\/comments?post=84"}],"version-history":[{"count":78,"href":"https:\/\/www.femexrobotica.org\/tmr2018\/wp-json\/wp\/v2\/pages\/84\/revisions"}],"predecessor-version":[{"id":1053,"href":"https:\/\/www.femexrobotica.org\/tmr2018\/wp-json\/wp\/v2\/pages\/84\/revisions\/1053"}],"wp:attachment":[{"href":"https:\/\/www.femexrobotica.org\/tmr2018\/wp-json\/wp\/v2\/media?parent=84"}],"curies":[{"name":"wp","href":"https:\/\/api.w.org\/{rel}","templated":true}]}}