{"id":271,"date":"2018-01-27T16:55:56","date_gmt":"2018-01-27T22:55:56","guid":{"rendered":"https:\/\/www.femexrobotica.org\/tmr2018\/?page_id=271"},"modified":"2018-12-09T11:15:57","modified_gmt":"2018-12-09T17:15:57","slug":"responsables_categorias","status":"publish","type":"page","link":"https:\/\/www.femexrobotica.org\/tmr2018\/responsables_categorias\/","title":{"rendered":"RESPONSABLES_CATEGORIAS"},"content":{"rendered":"<div class=\"vc_row wpb_row vc_row-fluid\" ><div class=\"wpb_column vc_column_container vc_col-sm-12\"><div class=\"vc_column-inner \"><div class=\"wpb_wrapper\"><div class=\"vc_separator wpb_content_element vc_separator_align_center vc_sep_width_100 vc_sep_shadow vc_sep_pos_align_center vc_separator_no_text vc_sep_color_grey\" ><span class=\"vc_sep_holder vc_sep_holder_l\"><span  class=\"vc_sep_line\"><\/span><\/span><span class=\"vc_sep_holder vc_sep_holder_r\"><span  class=\"vc_sep_line\"><\/span><\/span>\n<\/div><div class=\"mkdf-section-title-holder  \" style=\"text-align: center\">\n\t<div class=\"mkdf-st-inner\">\n\t\t\t\t\t\t\t<h2 class=\"mkdf-st-title\" >\n\t\t\t\tRESPONSABLES DE CATEGOR\u00cdA\t\t\t\t<span class=\"mkdf-st-title-mark\" ><\/span>\n\t\t\t<\/h2>\n\t\t\t\t\t\t\t<div class=\"mkdf-st-separator\" ><\/div>\n\t\t\t\t\t\t\t<\/div>\n<\/div><div class=\"vc_empty_space\"   style=\"height: 32px\" ><span class=\"vc_empty_space_inner\"><\/span><\/div>\n<\/div><\/div><\/div><\/div><div class=\"vc_row wpb_row vc_row-fluid\" ><div class=\"wpb_column vc_column_container vc_col-sm-12\"><div class=\"vc_column-inner \"><div class=\"wpb_wrapper\">\n\t<div class=\"wpb_text_column wpb_content_element \" >\n\t\t<div class=\"wpb_wrapper\">\n\t\t\t<h3 style=\"text-align: center;\"><strong><em><img loading=\"lazy\" decoding=\"async\" class=\"wp-image-644 aligncenter\" src=\"https:\/\/www.femexrobotica.org\/tmr2018\/wp-content\/uploads\/2018\/02\/Voluntarios-300x300.jpg\" alt=\"\" width=\"245\" height=\"245\" srcset=\"https:\/\/www.femexrobotica.org\/tmr2018\/wp-content\/uploads\/2018\/02\/Voluntarios-300x300.jpg 300w, https:\/\/www.femexrobotica.org\/tmr2018\/wp-content\/uploads\/2018\/02\/Voluntarios-150x150.jpg 150w, https:\/\/www.femexrobotica.org\/tmr2018\/wp-content\/uploads\/2018\/02\/Voluntarios-768x768.jpg 768w, https:\/\/www.femexrobotica.org\/tmr2018\/wp-content\/uploads\/2018\/02\/Voluntarios.jpg 1024w\" sizes=\"auto, (max-width: 245px) 100vw, 245px\" \/>Torneo Mexicano de Rob\u00f3tica 2018<\/em><\/strong><\/h3>\n<table style=\"height: 592px;\" width=\"827\">\n<tbody>\n<tr>\n<td style=\"text-align: center;\" width=\"305\">\n<h4 style=\"text-align: left;\"><strong><em>Categor\u00eda<\/em><\/strong><\/h4>\n<\/td>\n<td width=\"275\">\n<h4 style=\"text-align: left;\"><strong><em>Responsable T\u00e9cnico<\/em><\/strong><\/h4>\n<\/td>\n<td style=\"text-align: left;\" width=\"254\">\n<h4><strong><em>Responsable Local<\/em><\/strong><\/h4>\n<\/td>\n<\/tr>\n<tr>\n<td style=\"text-align: left;\">LARC Standard Educational Kits<\/td>\n<td style=\"text-align: left;\"><a href=\"mailto:javier_687@hotmail.com\">Javier Enrique Delgado Moreno<\/a><\/td>\n<td style=\"text-align: left;\"><a href=\"mailto:gnvenegas@gmail.com\">Gloria Nancy Venegas Caballero<\/a><\/td>\n<\/tr>\n<tr>\n<td style=\"text-align: left;\">LARC Open Challenge<\/td>\n<td style=\"text-align: left;\"><a href=\"mailto:dharmatian@gmail.com\">Jos\u00e9 Sebasti\u00e1n Bejos Mendoza<\/a><\/td>\n<td style=\"text-align: left;\"><a href=\"mailto:rrvillalb@hotmail.com\">Rafael Villalba Gonz\u00e1lez<\/a><\/td>\n<\/tr>\n<tr>\n<td style=\"text-align: left;\">Robots Limpiadores de Playa<\/td>\n<td style=\"text-align: left;\"><a href=\"mailto:munoz@inaoep.mx\">Ang\u00e9lica Mu\u00f1oz Mel\u00e9ndez<\/a><\/td>\n<td style=\"text-align: left;\"><a href=\"mailto:lindav.silvareyes@gmail.com\">Linda Ver\u00f3nica Silva Reyes<\/a><\/td>\n<\/tr>\n<tr>\n<td style=\"text-align: left;\">&nbsp;<\/td>\n<td style=\"text-align: left;\"><a href=\"mailto:carlosvub@hotmail.com\">Carlos Rub\u00e9n de la Mora Bas\u00e1\u00f1ez<\/a><\/td>\n<td>&nbsp;<\/td>\n<\/tr>\n<tr>\n<td style=\"text-align: left;\">Drones Aut\u00f3nomos<\/td>\n<td style=\"text-align: left;\"><a href=\"mailto:carranza@inaoep.mx\">Jos\u00e9 Mart\u00ednez Carranza<\/a><\/td>\n<td style=\"text-align: left;\"><a href=\"mailto:rcg@prepaoxford.edu.mx\">Ramiro Calderon Gayt\u00e1n<\/a><\/td>\n<\/tr>\n<tr>\n<td style=\"text-align: left;\">RCJ Soccer<\/td>\n<td style=\"text-align: left;\"><a href=\"mailto:llopez@femexrobotica.org\">Luis Jos\u00e9 L\u00f3pez Lora<\/a><\/td>\n<td style=\"text-align: left;\"><a href=\"mailto:patricio.mtz@hotmail.com\">Patricio Martinez Escobedo<\/a><\/td>\n<\/tr>\n<tr>\n<td style=\"text-align: left;\">RCJ OnStage<\/td>\n<td style=\"text-align: left;\"><a href=\"mailto:norma.angelicasandoval@gmail.com\">Norma Ang\u00e9lica Gonz\u00e1lez Sandoval<\/a><\/td>\n<td style=\"text-align: left;\"><a href=\"mailto:luisgonzalo96@gmail.com\">Luis Gonzalo Morales Garc\u00eda<\/a><\/td>\n<\/tr>\n<tr>\n<td style=\"text-align: left;\">RCJ Rescue<\/td>\n<td style=\"text-align: left;\"><a href=\"mailto:rbonilla@femexrobotica.org\">Roberto Bonilla Gonz\u00e1lez<\/a><\/td>\n<td style=\"text-align: left;\"><a href=\"mailto:dabaso@gmail.com\">Mario Balderrabano Ortega<\/a><\/td>\n<\/tr>\n<tr>\n<td style=\"text-align: left;\">RCJ Rescue Line<\/td>\n<td style=\"text-align: left;\"><a href=\"mailto:javierg.zetina@gmail.com\">Javier Gerardo Zetina Rosas<\/a><\/td>\n<td style=\"text-align: left;\"><a href=\"mailto:felizon_73@hotmail.com\">Flavio Guerrero Elizondo<\/a><\/td>\n<\/tr>\n<tr>\n<td style=\"text-align: left;\">RCJ Rescue Line Primary<\/td>\n<td style=\"text-align: left;\"><a href=\"mailto:javierbautistacoghlan@gmail.com\">Javier Bautista Coghlan<\/a><\/td>\n<td style=\"text-align: left;\"><a href=\"mailto:felizon_73@hotmail.com\">Flavio Guerrero Elizondo<\/a><\/td>\n<\/tr>\n<tr>\n<td style=\"text-align: left;\">RCJ Rescue Maze<\/td>\n<td style=\"text-align: left;\"><a href=\"mailto:diego.garza.rdz@gmail.com\">Diego Garza Rodr\u00edguez<\/a><\/td>\n<td style=\"text-align: left;\"><a href=\"mailto:dabaso@gmail.com\">Mario Balderrabano Ortega<\/a><\/td>\n<\/tr>\n<tr>\n<td style=\"text-align: left;\">RCJ Rescue Simulation<\/td>\n<td style=\"text-align: left;\"><a href=\"mailto:ranaya_garcia@hotmail.com\">Rub\u00e9n Anaya Garc\u00eda<\/a><\/td>\n<td style=\"text-align: left;\"><a href=\"mailto:torres.more@hotmail.com\">Fernando Torres Ram\u00edrez<\/a><\/td>\n<\/tr>\n<tr>\n<td style=\"text-align: left;\">Rapidly Manufactured Robot Challenge<\/td>\n<td style=\"text-align: left;\"><a href=\"mailto:ericksanchezflores@hotmail.com\">Erick Sanchez Flores<\/a><\/td>\n<td style=\"text-align: left;\">&nbsp;<a href=\"mailto:josecgb@hotmail.com\">Jos\u00e9 Celestino Gonz\u00e1lez Barrera<\/a><\/td>\n<\/tr>\n<tr>\n<td style=\"text-align: left;\">RoboCup @Home<\/td>\n<td style=\"text-align: left;\"><a href=\"mailto:havilesa@upv.edu.mx\">H\u00e9ctor Hugo Avil\u00e9s Arriaga<\/a><\/td>\n<td style=\"text-align: left;\"><a href=\"mailto:andyrivera09@gmail.com\">Andr\u00e9s Fernando Rivera Fr\u00edas<\/a><\/td>\n<\/tr>\n<tr>\n<td style=\"text-align: left;\">RoboCup Humanoid KidSize<\/td>\n<td style=\"text-align: left;\"><a href=\"mailto:lupianl@gmail.com\">Luis Lupi\u00e1n<\/a><\/td>\n<td style=\"text-align: left;\">&nbsp;<a href=\"mailto:lurosas@itesm.mx\">Luis Rosas Cobos<\/a><\/td>\n<\/tr>\n<tr>\n<td style=\"text-align: left;\">RoboCup Rescue Robot<\/td>\n<td style=\"text-align: left;\"><a href=\"mailto:aaceves@itesm.mx\">Alejandro Aceves L\u00f3pez<\/a><\/td>\n<td style=\"text-align: left;\"><a href=\"mailto:xe2n@yahoo.com.mx\">Jesus L\u00f3pez Villalobos<\/a><\/td>\n<\/tr>\n<tr>\n<td style=\"text-align: left;\">RoboCup Standard Platform League<\/td>\n<td style=\"text-align: left;\"><a href=\"mailto:petrilli@mixteco.utm.mx\">Alberto El\u00edas Petrilli Barcel\u00f3<\/a><\/td>\n<td style=\"text-align: left;\"><a href=\"mailto:leonardo.garrido@itesm.mx\">Leonardo Garrido Luna<\/a><\/td>\n<\/tr>\n<tr>\n<td style=\"text-align: left;\">Autos aut\u00f3nomos<\/td>\n<td style=\"text-align: left;\"><a href=\"mailto:marco.morales@itam.mx\">Marco Morales<\/a><\/td>\n<td style=\"text-align: left;\"><a href=\"mailto:jlgordillo@itesm.mx\">Jos\u00e9 Luis Gordillo<\/a><\/td>\n<\/tr>\n<\/tbody>\n<\/table>\n\n\t\t<\/div>\n\t<\/div>\n<\/div><\/div><\/div><\/div><div class=\"vc_row wpb_row vc_row-fluid\" ><div class=\"wpb_column vc_column_container vc_col-sm-12\"><div class=\"vc_column-inner \"><div class=\"wpb_wrapper\"><div class=\"vc_empty_space\"   style=\"height: 70px\" ><span class=\"vc_empty_space_inner\"><\/span><\/div>\n<\/div><\/div><\/div><\/div>\n","protected":false},"excerpt":{"rendered":"RESPONSABLES DE CATEGOR\u00cdA Torneo Mexicano de Rob\u00f3tica 2018 Categor\u00eda Responsable T\u00e9cnico Responsable Local LARC Standard Educational Kits Javier Enrique Delgado Moreno Gloria Nancy Venegas Caballero LARC Open Challenge Jos\u00e9 Sebasti\u00e1n Bejos Mendoza Rafael Villalba Gonz\u00e1lez Robots Limpiadores de Playa Ang\u00e9lica [...]","protected":false},"author":6,"featured_media":0,"parent":0,"menu_order":0,"comment_status":"closed","ping_status":"closed","template":"","meta":{"footnotes":""},"class_list":["post-271","page","type-page","status-publish","hentry"],"yoast_head":"<!-- This site is optimized with the Yoast SEO plugin v27.5 - https:\/\/yoast.com\/product\/yoast-seo-wordpress\/ -->\n<title>RESPONSABLES_CATEGORIAS - TMR2018<\/title>\n<meta name=\"robots\" content=\"noindex, follow, max-snippet:-1, max-image-preview:large, max-video-preview:-1\" \/>\n<meta property=\"og:locale\" content=\"es_MX\" \/>\n<meta property=\"og:type\" content=\"article\" \/>\n<meta property=\"og:title\" content=\"RESPONSABLES_CATEGORIAS - TMR2018\" \/>\n<meta property=\"og:url\" content=\"https:\/\/www.femexrobotica.org\/tmr2018\/responsables_categorias\/\" \/>\n<meta property=\"og:site_name\" content=\"TMR2018\" \/>\n<meta property=\"article:modified_time\" content=\"2018-12-09T17:15:57+00:00\" \/>\n<meta property=\"og:image\" content=\"https:\/\/www.femexrobotica.org\/tmr2018\/wp-content\/uploads\/2018\/02\/Voluntarios-300x300.jpg\" \/>\n<meta name=\"twitter:card\" content=\"summary_large_image\" \/>\n<meta name=\"twitter:label1\" content=\"Tiempo de lectura\" \/>\n\t<meta name=\"twitter:data1\" content=\"1 minuto\" \/>\n<script type=\"application\/ld+json\" class=\"yoast-schema-graph\">{\"@context\":\"https:\\\/\\\/schema.org\",\"@graph\":[{\"@type\":\"WebPage\",\"@id\":\"https:\\\/\\\/www.femexrobotica.org\\\/tmr2018\\\/responsables_categorias\\\/\",\"url\":\"https:\\\/\\\/www.femexrobotica.org\\\/tmr2018\\\/responsables_categorias\\\/\",\"name\":\"RESPONSABLES_CATEGORIAS - TMR2018\",\"isPartOf\":{\"@id\":\"https:\\\/\\\/www.femexrobotica.org\\\/tmr2018\\\/en\\\/#website\"},\"primaryImageOfPage\":{\"@id\":\"https:\\\/\\\/www.femexrobotica.org\\\/tmr2018\\\/responsables_categorias\\\/#primaryimage\"},\"image\":{\"@id\":\"https:\\\/\\\/www.femexrobotica.org\\\/tmr2018\\\/responsables_categorias\\\/#primaryimage\"},\"thumbnailUrl\":\"https:\\\/\\\/www.femexrobotica.org\\\/tmr2018\\\/wp-content\\\/uploads\\\/2018\\\/02\\\/Voluntarios-300x300.jpg\",\"datePublished\":\"2018-01-27T22:55:56+00:00\",\"dateModified\":\"2018-12-09T17:15:57+00:00\",\"breadcrumb\":{\"@id\":\"https:\\\/\\\/www.femexrobotica.org\\\/tmr2018\\\/responsables_categorias\\\/#breadcrumb\"},\"inLanguage\":\"es\",\"potentialAction\":[{\"@type\":\"ReadAction\",\"target\":[\"https:\\\/\\\/www.femexrobotica.org\\\/tmr2018\\\/responsables_categorias\\\/\"]}]},{\"@type\":\"ImageObject\",\"inLanguage\":\"es\",\"@id\":\"https:\\\/\\\/www.femexrobotica.org\\\/tmr2018\\\/responsables_categorias\\\/#primaryimage\",\"url\":\"https:\\\/\\\/www.femexrobotica.org\\\/tmr2018\\\/wp-content\\\/uploads\\\/2018\\\/02\\\/Voluntarios-300x300.jpg\",\"contentUrl\":\"https:\\\/\\\/www.femexrobotica.org\\\/tmr2018\\\/wp-content\\\/uploads\\\/2018\\\/02\\\/Voluntarios-300x300.jpg\"},{\"@type\":\"BreadcrumbList\",\"@id\":\"https:\\\/\\\/www.femexrobotica.org\\\/tmr2018\\\/responsables_categorias\\\/#breadcrumb\",\"itemListElement\":[{\"@type\":\"ListItem\",\"position\":1,\"name\":\"Inicio\",\"item\":\"https:\\\/\\\/www.femexrobotica.org\\\/tmr2018\\\/en\\\/\"},{\"@type\":\"ListItem\",\"position\":2,\"name\":\"RESPONSABLES_CATEGORIAS\"}]},{\"@type\":\"WebSite\",\"@id\":\"https:\\\/\\\/www.femexrobotica.org\\\/tmr2018\\\/en\\\/#website\",\"url\":\"https:\\\/\\\/www.femexrobotica.org\\\/tmr2018\\\/en\\\/\",\"name\":\"TMR2018\",\"description\":\"Torneo Mexicano de Rob\u00f3tica 2018\",\"publisher\":{\"@id\":\"https:\\\/\\\/www.femexrobotica.org\\\/tmr2018\\\/en\\\/#organization\"},\"potentialAction\":[{\"@type\":\"SearchAction\",\"target\":{\"@type\":\"EntryPoint\",\"urlTemplate\":\"https:\\\/\\\/www.femexrobotica.org\\\/tmr2018\\\/en\\\/?s={search_term_string}\"},\"query-input\":{\"@type\":\"PropertyValueSpecification\",\"valueRequired\":true,\"valueName\":\"search_term_string\"}}],\"inLanguage\":\"es\"},{\"@type\":\"Organization\",\"@id\":\"https:\\\/\\\/www.femexrobotica.org\\\/tmr2018\\\/en\\\/#organization\",\"name\":\"Torneo Mexicano De Rob\u00f3tica\",\"url\":\"https:\\\/\\\/www.femexrobotica.org\\\/tmr2018\\\/en\\\/\",\"logo\":{\"@type\":\"ImageObject\",\"inLanguage\":\"es\",\"@id\":\"https:\\\/\\\/www.femexrobotica.org\\\/tmr2018\\\/en\\\/#\\\/schema\\\/logo\\\/image\\\/\",\"url\":\"https:\\\/\\\/www.femexrobotica.org\\\/tmr2018\\\/wp-content\\\/uploads\\\/2018\\\/02\\\/slide-androide.jpg\",\"contentUrl\":\"https:\\\/\\\/www.femexrobotica.org\\\/tmr2018\\\/wp-content\\\/uploads\\\/2018\\\/02\\\/slide-androide.jpg\",\"width\":1920,\"height\":1100,\"caption\":\"Torneo Mexicano De Rob\u00f3tica\"},\"image\":{\"@id\":\"https:\\\/\\\/www.femexrobotica.org\\\/tmr2018\\\/en\\\/#\\\/schema\\\/logo\\\/image\\\/\"}}]}<\/script>\n<!-- \/ Yoast SEO plugin. -->","yoast_head_json":{"title":"RESPONSABLES_CATEGORIAS - TMR2018","robots":{"index":"noindex","follow":"follow","max-snippet":"max-snippet:-1","max-image-preview":"max-image-preview:large","max-video-preview":"max-video-preview:-1"},"og_locale":"es_MX","og_type":"article","og_title":"RESPONSABLES_CATEGORIAS - TMR2018","og_url":"https:\/\/www.femexrobotica.org\/tmr2018\/responsables_categorias\/","og_site_name":"TMR2018","article_modified_time":"2018-12-09T17:15:57+00:00","og_image":[{"url":"https:\/\/www.femexrobotica.org\/tmr2018\/wp-content\/uploads\/2018\/02\/Voluntarios-300x300.jpg","type":"","width":"","height":""}],"twitter_card":"summary_large_image","twitter_misc":{"Tiempo de lectura":"1 minuto"},"schema":{"@context":"https:\/\/schema.org","@graph":[{"@type":"WebPage","@id":"https:\/\/www.femexrobotica.org\/tmr2018\/responsables_categorias\/","url":"https:\/\/www.femexrobotica.org\/tmr2018\/responsables_categorias\/","name":"RESPONSABLES_CATEGORIAS - TMR2018","isPartOf":{"@id":"https:\/\/www.femexrobotica.org\/tmr2018\/en\/#website"},"primaryImageOfPage":{"@id":"https:\/\/www.femexrobotica.org\/tmr2018\/responsables_categorias\/#primaryimage"},"image":{"@id":"https:\/\/www.femexrobotica.org\/tmr2018\/responsables_categorias\/#primaryimage"},"thumbnailUrl":"https:\/\/www.femexrobotica.org\/tmr2018\/wp-content\/uploads\/2018\/02\/Voluntarios-300x300.jpg","datePublished":"2018-01-27T22:55:56+00:00","dateModified":"2018-12-09T17:15:57+00:00","breadcrumb":{"@id":"https:\/\/www.femexrobotica.org\/tmr2018\/responsables_categorias\/#breadcrumb"},"inLanguage":"es","potentialAction":[{"@type":"ReadAction","target":["https:\/\/www.femexrobotica.org\/tmr2018\/responsables_categorias\/"]}]},{"@type":"ImageObject","inLanguage":"es","@id":"https:\/\/www.femexrobotica.org\/tmr2018\/responsables_categorias\/#primaryimage","url":"https:\/\/www.femexrobotica.org\/tmr2018\/wp-content\/uploads\/2018\/02\/Voluntarios-300x300.jpg","contentUrl":"https:\/\/www.femexrobotica.org\/tmr2018\/wp-content\/uploads\/2018\/02\/Voluntarios-300x300.jpg"},{"@type":"BreadcrumbList","@id":"https:\/\/www.femexrobotica.org\/tmr2018\/responsables_categorias\/#breadcrumb","itemListElement":[{"@type":"ListItem","position":1,"name":"Inicio","item":"https:\/\/www.femexrobotica.org\/tmr2018\/en\/"},{"@type":"ListItem","position":2,"name":"RESPONSABLES_CATEGORIAS"}]},{"@type":"WebSite","@id":"https:\/\/www.femexrobotica.org\/tmr2018\/en\/#website","url":"https:\/\/www.femexrobotica.org\/tmr2018\/en\/","name":"TMR2018","description":"Torneo Mexicano de Rob\u00f3tica 2018","publisher":{"@id":"https:\/\/www.femexrobotica.org\/tmr2018\/en\/#organization"},"potentialAction":[{"@type":"SearchAction","target":{"@type":"EntryPoint","urlTemplate":"https:\/\/www.femexrobotica.org\/tmr2018\/en\/?s={search_term_string}"},"query-input":{"@type":"PropertyValueSpecification","valueRequired":true,"valueName":"search_term_string"}}],"inLanguage":"es"},{"@type":"Organization","@id":"https:\/\/www.femexrobotica.org\/tmr2018\/en\/#organization","name":"Torneo Mexicano De Rob\u00f3tica","url":"https:\/\/www.femexrobotica.org\/tmr2018\/en\/","logo":{"@type":"ImageObject","inLanguage":"es","@id":"https:\/\/www.femexrobotica.org\/tmr2018\/en\/#\/schema\/logo\/image\/","url":"https:\/\/www.femexrobotica.org\/tmr2018\/wp-content\/uploads\/2018\/02\/slide-androide.jpg","contentUrl":"https:\/\/www.femexrobotica.org\/tmr2018\/wp-content\/uploads\/2018\/02\/slide-androide.jpg","width":1920,"height":1100,"caption":"Torneo Mexicano De Rob\u00f3tica"},"image":{"@id":"https:\/\/www.femexrobotica.org\/tmr2018\/en\/#\/schema\/logo\/image\/"}}]}},"_links":{"self":[{"href":"https:\/\/www.femexrobotica.org\/tmr2018\/wp-json\/wp\/v2\/pages\/271","targetHints":{"allow":["GET"]}}],"collection":[{"href":"https:\/\/www.femexrobotica.org\/tmr2018\/wp-json\/wp\/v2\/pages"}],"about":[{"href":"https:\/\/www.femexrobotica.org\/tmr2018\/wp-json\/wp\/v2\/types\/page"}],"author":[{"embeddable":true,"href":"https:\/\/www.femexrobotica.org\/tmr2018\/wp-json\/wp\/v2\/users\/6"}],"replies":[{"embeddable":true,"href":"https:\/\/www.femexrobotica.org\/tmr2018\/wp-json\/wp\/v2\/comments?post=271"}],"version-history":[{"count":22,"href":"https:\/\/www.femexrobotica.org\/tmr2018\/wp-json\/wp\/v2\/pages\/271\/revisions"}],"predecessor-version":[{"id":1882,"href":"https:\/\/www.femexrobotica.org\/tmr2018\/wp-json\/wp\/v2\/pages\/271\/revisions\/1882"}],"wp:attachment":[{"href":"https:\/\/www.femexrobotica.org\/tmr2018\/wp-json\/wp\/v2\/media?parent=271"}],"curies":[{"name":"wp","href":"https:\/\/api.w.org\/{rel}","templated":true}]}}