{"id":862,"date":"2017-03-05T18:19:43","date_gmt":"2017-03-06T00:19:43","guid":{"rendered":"https:\/\/www.femexrobotica.org\/tmr2017\/?page_id=862"},"modified":"2017-03-13T15:44:33","modified_gmt":"2017-03-13T21:44:33","slug":"visitantes","status":"publish","type":"page","link":"https:\/\/www.femexrobotica.org\/tmr2017\/visitantes\/","title":{"rendered":"Visitantes"},"content":{"rendered":"<p><img loading=\"lazy\" class=\"size-full wp-image-863 aligncenter\" src=\"https:\/\/www.femexrobotica.org\/tmr2017\/wp-content\/uploads\/visitantes-1.jpg\" alt=\"\" width=\"640\" height=\"369\" srcset=\"https:\/\/www.femexrobotica.org\/tmr2017\/wp-content\/uploads\/visitantes-1.jpg 640w, https:\/\/www.femexrobotica.org\/tmr2017\/wp-content\/uploads\/visitantes-1-300x173.jpg 300w\" sizes=\"(max-width: 640px) 100vw, 640px\" \/><\/p>\n<h2>Visitantes<\/h2>\n<p>La entrada para los visitantes es gratuita. Los grupos peque\u00f1os (familias o grupos de amigos) no requieren registro previo.<\/p>\n<p>Para el caso de grupos de m\u00e1s de 15 personas solicitamos nos informen previamente escribiendo a Martha Cede\u00f1o (mcedeno@ccc.edu.mx), coordinadora de visitantes del evento, para poder agendar su visita y coordinar adecuadamente\u00a0la log\u00edstica de llegada. Favor de indicar nombre de instituci\u00f3n, n\u00famero de personas que vienen en el grupo, nivel escolar de los visitantes, nombre de la persona de contacto, e-mail y n\u00famero telef\u00f3nico.<\/p>\n<p>Horarios disponibles para todos los visitantes:<\/p>\n<ul>\n<li>Jueves 30 de marzo: 3pm &#8211; 7pm<\/li>\n<li>Viernes 31 de marzo: 9am &#8211; 7pm<\/li>\n<li>S\u00e1bado 1o de abril: 9am &#8211; 1pm<\/li>\n<\/ul>\n<p>Haz click sobre la siguiente imagen para descargar el programa en formato PDF.<\/p>\n<p><a href=\"\/tmr2017\/wp-content\/uploads\/TMR2017-Horarios-para-visitantes.pdf\" target=\"_blank\"><img loading=\"lazy\" class=\"aligncenter wp-image-1088\" src=\"https:\/\/www.femexrobotica.org\/tmr2017\/wp-content\/uploads\/TMR2017-Horarios-para-visitantes.png\" alt=\"\" width=\"640\" height=\"367\" srcset=\"https:\/\/www.femexrobotica.org\/tmr2017\/wp-content\/uploads\/TMR2017-Horarios-para-visitantes.png 1019w, https:\/\/www.femexrobotica.org\/tmr2017\/wp-content\/uploads\/TMR2017-Horarios-para-visitantes-300x172.png 300w, https:\/\/www.femexrobotica.org\/tmr2017\/wp-content\/uploads\/TMR2017-Horarios-para-visitantes-768x441.png 768w\" sizes=\"(max-width: 640px) 100vw, 640px\" \/><\/a><\/p>\n<p>&nbsp;<\/p>\n","protected":false},"excerpt":{"rendered":"<p>Visitantes La entrada para los visitantes es gratuita. Los grupos peque\u00f1os (familias o grupos de amigos) no requieren registro previo. Para el caso de grupos de m\u00e1s de 15 personas solicitamos nos informen previamente escribiendo a Martha Cede\u00f1o (mcedeno@ccc.edu.mx), coordinadora de visitantes del evento, para poder agendar su visita y coordinar adecuadamente\u00a0la log\u00edstica de llegada. [&hellip;]<\/p>\n","protected":false},"author":6,"featured_media":0,"parent":0,"menu_order":0,"comment_status":"closed","ping_status":"closed","template":"","meta":[],"_links":{"self":[{"href":"https:\/\/www.femexrobotica.org\/tmr2017\/wp-json\/wp\/v2\/pages\/862"}],"collection":[{"href":"https:\/\/www.femexrobotica.org\/tmr2017\/wp-json\/wp\/v2\/pages"}],"about":[{"href":"https:\/\/www.femexrobotica.org\/tmr2017\/wp-json\/wp\/v2\/types\/page"}],"author":[{"embeddable":true,"href":"https:\/\/www.femexrobotica.org\/tmr2017\/wp-json\/wp\/v2\/users\/6"}],"replies":[{"embeddable":true,"href":"https:\/\/www.femexrobotica.org\/tmr2017\/wp-json\/wp\/v2\/comments?post=862"}],"version-history":[{"count":11,"href":"https:\/\/www.femexrobotica.org\/tmr2017\/wp-json\/wp\/v2\/pages\/862\/revisions"}],"predecessor-version":[{"id":1092,"href":"https:\/\/www.femexrobotica.org\/tmr2017\/wp-json\/wp\/v2\/pages\/862\/revisions\/1092"}],"wp:attachment":[{"href":"https:\/\/www.femexrobotica.org\/tmr2017\/wp-json\/wp\/v2\/media?parent=862"}],"curies":[{"name":"wp","href":"https:\/\/api.w.org\/{rel}","templated":true}]}}