{"id":49,"date":"2016-11-14T23:58:27","date_gmt":"2016-11-15T05:58:27","guid":{"rendered":"http:\/\/www.femexrobotica.org\/tmr2017\/?page_id=49"},"modified":"2017-02-23T14:17:30","modified_gmt":"2017-02-23T20:17:30","slug":"limpiadores-de-playa","status":"publish","type":"page","link":"https:\/\/www.femexrobotica.org\/tmr2017\/limpiadores-de-playa\/","title":{"rendered":"Robots Limpiadores de Playa"},"content":{"rendered":"<h2>Robots Limpiadores de Playa<\/h2>\n<p>Como ya es tradici\u00f3n desde el Primer <em>Torneo Mexicano de Rob\u00f3tica<\/em><sup>\u00ae<\/sup> en 2008, se celebra la competencia de <em>Robots Limpiadores de Playa<\/em>. Se busca ayudar a solucionar el problema de acumulaci\u00f3n de basura en las playas de M\u00e9xico y de todo el mundo, concientizar a la sociedad de este grave problema, e invitarla a tomar acciones concretas para su soluci\u00f3n.<\/p>\n<p>Los organizadores de la competencia de Robots Limpiadores de Playa buscan constantemente renovar los retos planteados, as\u00ed como incorporar tecnolog\u00edas recientes que puedan ayudar a enfrentar los desaf\u00edos planteados. En 2017 se mantiene el reto inicial de la limpieza de playa por medio de robots terrestres \u00fanicamente, para motivar la participaci\u00f3n de los equipos que participan por primera vez o que est\u00e1n trabajando en la mejora de sus dise\u00f1os. Y tambi\u00e9n por primera vez se aborda el problema de limpieza de playa por medio de robots colaborativos en tierra y aire para motivar a los equipos m\u00e1s experimentados a incorporar nuevas herramientas en sus dise\u00f1os.<\/p>\n<p style=\"text-align: center;\"><div id=\"metaslider-id-404\" style=\"width: 100%; margin: 0 auto;\" class=\"ml-slider-3-109-0 metaslider metaslider-flex metaslider-404 ml-slider ms-theme-default nav-hidden\" role=\"region\" aria-label=\"limpiadores\" data-height=\"360\" data-width=\"640\">\n    <div id=\"metaslider_container_404\">\n        <div id=\"metaslider_404\">\n            <ul class='slides'>\n                <li style=\"display: block; width: 100%;\" class=\"slide-366 ms-image \" aria-roledescription=\"slide\" data-date=\"2016-11-28 05:21:56\" data-filename=\"limpiadores-02.jpg\" data-slide-type=\"image\"><img width=\"640\" height=\"360\" src=\"https:\/\/www.femexrobotica.org\/tmr2017\/wp-content\/uploads\/limpiadores-02.jpg\" class=\"slider-404 slide-366 msDefaultImage\" alt=\"\" loading=\"lazy\" rel=\"\" title=\"\" srcset=\"https:\/\/www.femexrobotica.org\/tmr2017\/wp-content\/uploads\/limpiadores-02.jpg 640w, https:\/\/www.femexrobotica.org\/tmr2017\/wp-content\/uploads\/limpiadores-02-300x169.jpg 300w\" sizes=\"(max-width: 640px) 100vw, 640px\" \/><\/li>\n                <li style=\"display: none; width: 100%;\" class=\"slide-371 ms-image \" aria-roledescription=\"slide\" data-date=\"2016-11-28 05:22:06\" data-filename=\"limpiadores-07.jpg\" data-slide-type=\"image\"><img width=\"640\" height=\"360\" src=\"https:\/\/www.femexrobotica.org\/tmr2017\/wp-content\/uploads\/limpiadores-07.jpg\" class=\"slider-404 slide-371 msDefaultImage\" alt=\"\" loading=\"lazy\" rel=\"\" title=\"\" srcset=\"https:\/\/www.femexrobotica.org\/tmr2017\/wp-content\/uploads\/limpiadores-07.jpg 640w, https:\/\/www.femexrobotica.org\/tmr2017\/wp-content\/uploads\/limpiadores-07-300x169.jpg 300w\" sizes=\"(max-width: 640px) 100vw, 640px\" \/><\/li>\n                <li style=\"display: none; width: 100%;\" class=\"slide-370 ms-image \" aria-roledescription=\"slide\" data-date=\"2016-11-28 05:22:04\" data-filename=\"limpiadores-06.jpg\" data-slide-type=\"image\"><img width=\"640\" height=\"360\" src=\"https:\/\/www.femexrobotica.org\/tmr2017\/wp-content\/uploads\/limpiadores-06.jpg\" class=\"slider-404 slide-370 msDefaultImage\" alt=\"\" loading=\"lazy\" rel=\"\" title=\"\" srcset=\"https:\/\/www.femexrobotica.org\/tmr2017\/wp-content\/uploads\/limpiadores-06.jpg 640w, https:\/\/www.femexrobotica.org\/tmr2017\/wp-content\/uploads\/limpiadores-06-300x169.jpg 300w\" sizes=\"(max-width: 640px) 100vw, 640px\" \/><\/li>\n                <li style=\"display: none; width: 100%;\" class=\"slide-368 ms-image \" aria-roledescription=\"slide\" data-date=\"2016-11-28 05:22:00\" data-filename=\"limpiadores-04.jpg\" data-slide-type=\"image\"><img width=\"640\" height=\"360\" src=\"https:\/\/www.femexrobotica.org\/tmr2017\/wp-content\/uploads\/limpiadores-04.jpg\" class=\"slider-404 slide-368 msDefaultImage\" alt=\"\" loading=\"lazy\" rel=\"\" title=\"\" srcset=\"https:\/\/www.femexrobotica.org\/tmr2017\/wp-content\/uploads\/limpiadores-04.jpg 640w, https:\/\/www.femexrobotica.org\/tmr2017\/wp-content\/uploads\/limpiadores-04-300x169.jpg 300w\" sizes=\"(max-width: 640px) 100vw, 640px\" \/><\/li>\n                <li style=\"display: none; width: 100%;\" class=\"slide-365 ms-image \" aria-roledescription=\"slide\" data-date=\"2016-11-28 05:21:55\" data-filename=\"limpiadores-01.jpg\" data-slide-type=\"image\"><img width=\"640\" height=\"360\" src=\"https:\/\/www.femexrobotica.org\/tmr2017\/wp-content\/uploads\/limpiadores-01.jpg\" class=\"slider-404 slide-365 msDefaultImage\" alt=\"\" loading=\"lazy\" rel=\"\" title=\"\" srcset=\"https:\/\/www.femexrobotica.org\/tmr2017\/wp-content\/uploads\/limpiadores-01.jpg 640w, https:\/\/www.femexrobotica.org\/tmr2017\/wp-content\/uploads\/limpiadores-01-300x169.jpg 300w\" sizes=\"(max-width: 640px) 100vw, 640px\" \/><\/li>\n                <li style=\"display: none; width: 100%;\" class=\"slide-369 ms-image \" aria-roledescription=\"slide\" data-date=\"2016-11-28 05:22:02\" data-filename=\"limpiadores-05.jpg\" data-slide-type=\"image\"><img width=\"640\" height=\"360\" src=\"https:\/\/www.femexrobotica.org\/tmr2017\/wp-content\/uploads\/limpiadores-05.jpg\" class=\"slider-404 slide-369 msDefaultImage\" alt=\"\" loading=\"lazy\" rel=\"\" title=\"\" srcset=\"https:\/\/www.femexrobotica.org\/tmr2017\/wp-content\/uploads\/limpiadores-05.jpg 640w, https:\/\/www.femexrobotica.org\/tmr2017\/wp-content\/uploads\/limpiadores-05-300x169.jpg 300w\" sizes=\"(max-width: 640px) 100vw, 640px\" \/><\/li>\n                <li style=\"display: none; width: 100%;\" class=\"slide-367 ms-image \" aria-roledescription=\"slide\" data-date=\"2016-11-28 05:21:58\" data-filename=\"limpiadores-03.jpg\" data-slide-type=\"image\"><img width=\"640\" height=\"360\" src=\"https:\/\/www.femexrobotica.org\/tmr2017\/wp-content\/uploads\/limpiadores-03.jpg\" class=\"slider-404 slide-367 msDefaultImage\" alt=\"\" loading=\"lazy\" rel=\"\" title=\"\" srcset=\"https:\/\/www.femexrobotica.org\/tmr2017\/wp-content\/uploads\/limpiadores-03.jpg 640w, https:\/\/www.femexrobotica.org\/tmr2017\/wp-content\/uploads\/limpiadores-03-300x169.jpg 300w\" sizes=\"(max-width: 640px) 100vw, 640px\" \/><\/li>\n            <\/ul>\n        <\/div>\n        \n    <\/div>\n<\/div><\/p>\n<p>En 2017 la competencia plantea los siguientes dos desaf\u00edos:<\/p>\n<ul>\n<li>el primero es para los equipos de <em>nivel independiente<\/em> y en \u00e9ste el robot limpiador debe buscar, colectar, y depositar en un contenedor tantos residuos como le sea posible, sin caer en el \u00e1rea que representa el agua, y sin tocar al maniqu\u00ed, desplaz\u00e1ndose para ello en una superficie irregular.<\/li>\n<li>el segundo es para los equipos de <em>nivel colaborativo<\/em> y en \u00e9ste el robot limpiador debe realizar las acciones anteriores en colaboraci\u00f3n con un dron tele-operado que podr\u00e1 indicarle de alg\u00fan modo la ubicaci\u00f3n de los residuos y del contenedor. El dron tele-operado no podr\u00e1 establecer comunicaci\u00f3n directa con el robot limpiador terrestre y s\u00f3lo podr\u00e1 colaborar pos\u00e1ndose sobre los objetos de inter\u00e9s.<\/li>\n<\/ul>\n<h3><strong>Responsables<\/strong><\/h3>\n<ul>\n<li>Responsables t\u00e9cnicos:\n<ul>\n<li><a href=\"mailto:munoz@inaoep.mx\">Ang\u00e9lica Mu\u00f1oz<\/a><\/li>\n<li><a href=\"mailto:carlosvub@hotmail.com\">Carlos Rub\u00e9n de la Mora<\/a><\/li>\n<\/ul>\n<\/li>\n<\/ul>\n<h3>Reglas<\/h3>\n<p>En este documento PDF podr\u00e1s consultar las reglas de <a href=\"\/tmr2017\/wp-content\/uploads\/Limpiadores_Playa_2017.pdf\">Robots Limpiadores de Playa 2017<\/a>.<\/p>\n<h3>Restricciones<\/h3>\n<p>La categor\u00eda de Robots Limpiadores de Playa es muy popular en el Torneo Mexicano de Rob\u00f3tica y en los \u00faltimos a\u00f1os ha venido creciendo el n\u00famero de equipos registrados. Para ofrecer condiciones adecuadas de trabajo y competencia, as\u00ed como para atender debidamente a los competidores, en 2017 se ha establecido un l\u00edmite en el n\u00famero de equipos que podr\u00e1n participar en esta categor\u00eda. Hasta 30 equipos podr\u00e1n participar en la categor\u00eda, independientemente del nivel en el que est\u00e9n registrados. No hay un l\u00edmite en el n\u00famero de equipos a registrar por una misma instituci\u00f3n, los primeros equipos que se registren podr\u00e1n hacerlo hasta completar la capacidad m\u00e1xima de espacio para la competencia. \u00a1Por favor tomen en cuenta esta informaci\u00f3n para asegurar su participaci\u00f3n en el TMR 2017, categor\u00eda de Robots Limpiadores de Playa!<\/p>\n<p>Los profesores que acompa\u00f1an al equipo y que desean contar con un diploma que reconozca su participaci\u00f3n en el evento, pero que no requieren que se les asigne lugar en la mesa de trabajo del equipo, podr\u00e1n inscribirse como mentores.\u00a0El costo de inscripci\u00f3n de los mentores es el mismo que el de los concursantes.<\/p>\n","protected":false},"excerpt":{"rendered":"<p>Robots Limpiadores de Playa Como ya es tradici\u00f3n desde el Primer Torneo Mexicano de Rob\u00f3tica\u00ae en 2008, se celebra la competencia de Robots Limpiadores de Playa. Se busca ayudar a solucionar el problema de acumulaci\u00f3n de basura en las playas de M\u00e9xico y de todo el mundo, concientizar a la sociedad de este grave problema, [&hellip;]<\/p>\n","protected":false},"author":1,"featured_media":0,"parent":0,"menu_order":0,"comment_status":"closed","ping_status":"closed","template":"","meta":[],"_links":{"self":[{"href":"https:\/\/www.femexrobotica.org\/tmr2017\/wp-json\/wp\/v2\/pages\/49"}],"collection":[{"href":"https:\/\/www.femexrobotica.org\/tmr2017\/wp-json\/wp\/v2\/pages"}],"about":[{"href":"https:\/\/www.femexrobotica.org\/tmr2017\/wp-json\/wp\/v2\/types\/page"}],"author":[{"embeddable":true,"href":"https:\/\/www.femexrobotica.org\/tmr2017\/wp-json\/wp\/v2\/users\/1"}],"replies":[{"embeddable":true,"href":"https:\/\/www.femexrobotica.org\/tmr2017\/wp-json\/wp\/v2\/comments?post=49"}],"version-history":[{"count":26,"href":"https:\/\/www.femexrobotica.org\/tmr2017\/wp-json\/wp\/v2\/pages\/49\/revisions"}],"predecessor-version":[{"id":839,"href":"https:\/\/www.femexrobotica.org\/tmr2017\/wp-json\/wp\/v2\/pages\/49\/revisions\/839"}],"wp:attachment":[{"href":"https:\/\/www.femexrobotica.org\/tmr2017\/wp-json\/wp\/v2\/media?parent=49"}],"curies":[{"name":"wp","href":"https:\/\/api.w.org\/{rel}","templated":true}]}}