{"id":45,"date":"2016-11-14T23:57:32","date_gmt":"2016-11-15T05:57:32","guid":{"rendered":"http:\/\/www.femexrobotica.org\/tmr2017\/?page_id=45"},"modified":"2017-02-23T14:16:51","modified_gmt":"2017-02-23T20:16:51","slug":"larc-open-challenge","status":"publish","type":"page","link":"https:\/\/www.femexrobotica.org\/tmr2017\/larc-open-challenge\/","title":{"rendered":"LARC Open Challenge"},"content":{"rendered":"<h2>LARC Open Challenge<\/h2>\n<p>El <em>Torneo Mexicano de Rob\u00f3tica<\/em><sup>\u00ae<\/sup> est\u00e1 asociado a diversas competencias internacionales, entre las que est\u00e1 el <em>Latin American Robotics Competition<\/em> (<em>LARC<\/em>) de la IEEE. Anualmente, el <em>TMR<\/em> apoya al equipo ganador del <em>LARC Open Challenge<\/em> para representar a M\u00e9xico en\u00a0el <em>Latin American Robotics Competition<\/em>.<\/p>\n<p>Dentro del <em>LARC<\/em>, cada dos a\u00f1os se propone un nuevo reto\u00a0basado en problemas reales. El reto actual inici\u00f3 en el 2016 y se\u00a0tendr\u00e1 en el <em>TMR<\/em> por\u00a0segunda ocasi\u00f3n en el 2017.<\/p>\n<p>El reto se enfoca en la demanda\u00a0creciente\u00a0por\u00a0alimentos de calidad. Los consumidores\u00a0buscan\u00a0productos org\u00e1nicos con origen conocido y libres de pesticidas. Con respecto a los animales, los consumidores exigen\u00a0que\u00a0la carne que consumen provenga de animales\u00a0no enjaulados\u00a0y libres de aditivos hormonales. Adicionalmente, existe una tendencia creciente para exigir que los\u00a0animales\u00a0no sufran de maltratos durante el proceso productivo completo.<\/p>\n<p>La tarea que se propone en el <em>LARC Open Challenge<\/em> 2016-2017 es desarrollar un robot aut\u00f3nomo que pueda orde\u00f1ar a las vacas\u00a0\u201cen sitio\u201d, de tal forma que se evite el estr\u00e9s involucrado\u00a0en su traslado\u00a0hacia\u00a0el establo, y con esto\u00a0mejorar la calidad de la leche.<\/p>\n<p style=\"text-align: center;\"><div id=\"metaslider-id-402\" style=\"width: 100%; margin: 0 auto;\" class=\"ml-slider-3-109-0 metaslider metaslider-flex metaslider-402 ml-slider ms-theme-default nav-hidden\" role=\"region\" aria-label=\"larcopen\" data-height=\"360\" data-width=\"640\">\n    <div id=\"metaslider_container_402\">\n        <div id=\"metaslider_402\">\n            <ul class='slides'>\n                <li style=\"display: block; width: 100%;\" class=\"slide-358 ms-image \" aria-roledescription=\"slide\" data-date=\"2016-11-28 05:21:44\" data-filename=\"larcopen-02.jpg\" data-slide-type=\"image\"><img width=\"640\" height=\"360\" src=\"https:\/\/www.femexrobotica.org\/tmr2017\/wp-content\/uploads\/larcopen-02.jpg\" class=\"slider-402 slide-358 msDefaultImage\" alt=\"\" loading=\"lazy\" rel=\"\" title=\"\" srcset=\"https:\/\/www.femexrobotica.org\/tmr2017\/wp-content\/uploads\/larcopen-02.jpg 640w, https:\/\/www.femexrobotica.org\/tmr2017\/wp-content\/uploads\/larcopen-02-300x169.jpg 300w\" sizes=\"(max-width: 640px) 100vw, 640px\" \/><\/li>\n                <li style=\"display: none; width: 100%;\" class=\"slide-357 ms-image \" aria-roledescription=\"slide\" data-date=\"2016-11-28 05:21:42\" data-filename=\"larcopen-01.jpg\" data-slide-type=\"image\"><img width=\"640\" height=\"360\" src=\"https:\/\/www.femexrobotica.org\/tmr2017\/wp-content\/uploads\/larcopen-01.jpg\" class=\"slider-402 slide-357 msDefaultImage\" alt=\"\" loading=\"lazy\" rel=\"\" title=\"\" srcset=\"https:\/\/www.femexrobotica.org\/tmr2017\/wp-content\/uploads\/larcopen-01.jpg 640w, https:\/\/www.femexrobotica.org\/tmr2017\/wp-content\/uploads\/larcopen-01-300x169.jpg 300w\" sizes=\"(max-width: 640px) 100vw, 640px\" \/><\/li>\n            <\/ul>\n        <\/div>\n        \n    <\/div>\n<\/div><\/p>\n<p>&nbsp;<\/p>\n<h3>Responsables<\/h3>\n<ul>\n<li>Responsable t\u00e9cnico:\n<ul>\n<li><a href=\"mailto:jbejos@uxmcc2.iimas.unam.mx\">Jos\u00e9 Sebasti\u00e1n Bejos<\/a><\/li>\n<\/ul>\n<\/li>\n<\/ul>\n<h3>Reglas<\/h3>\n<p>Las reglas vigentes de la competencia se pueden consultar en el sitio oficial del <em><a href=\"http:\/\/ewh.ieee.org\/reg\/9\/robotica\/Reglas\/IEEE%20Open%202016-2017%20-%20English%20-%20Version%201.1.2.pdf\" target=\"_blank\">LARC Open Challenge<\/a><\/em>.\u00a0Aseg\u00farate de consultar esta p\u00e1gina peri\u00f3dicamente ya que las reglas podr\u00edan ser actualizadas antes del <em>TMR2017<\/em>.<\/p>\n<p><img loading=\"lazy\" class=\"alignnone wp-image-515 aligncenter\" src=\"https:\/\/www.femexrobotica.org\/tmr2017\/wp-content\/uploads\/larc-open-challenge-300x149.png\" alt=\"larc-open-challenge\" width=\"600\" height=\"297\" srcset=\"https:\/\/www.femexrobotica.org\/tmr2017\/wp-content\/uploads\/larc-open-challenge-300x149.png 300w, https:\/\/www.femexrobotica.org\/tmr2017\/wp-content\/uploads\/larc-open-challenge-768x381.png 768w, https:\/\/www.femexrobotica.org\/tmr2017\/wp-content\/uploads\/larc-open-challenge-1024x507.png 1024w, https:\/\/www.femexrobotica.org\/tmr2017\/wp-content\/uploads\/larc-open-challenge.png 1130w\" sizes=\"(max-width: 600px) 100vw, 600px\" \/><\/p>\n<h3>Restricciones<\/h3>\n<p>Para participar en el <em>LARC Open Challenge<\/em>, se pueden inscribir equipos de m\u00e1ximo 6 personas. Los miembros del equipo\u00a0deben ser estudiantes de cualquier nivel o haber egresado de su programa de estudios hace no m\u00e1s de dos a\u00f1os.<\/p>\n<p>Los profesores que acompa\u00f1an al equipo y que desean contar con un diploma que reconozca su participaci\u00f3n en el evento podr\u00e1n inscribirse como <em>mentores<\/em>. El costo de inscripci\u00f3n de los mentores es el mismo que el de los concursantes. Debido a que el <em>LARC Open Challenge<\/em> es una competencia para estudiantes, a los <em>mentores<\/em> no se les asigna lugar en la mesa de trabajo del equipo y no tienen permitido ayudar a sus estudiantes durante la competencia.<\/p>\n","protected":false},"excerpt":{"rendered":"<p>LARC Open Challenge El Torneo Mexicano de Rob\u00f3tica\u00ae est\u00e1 asociado a diversas competencias internacionales, entre las que est\u00e1 el Latin American Robotics Competition (LARC) de la IEEE. Anualmente, el TMR apoya al equipo ganador del LARC Open Challenge para representar a M\u00e9xico en\u00a0el Latin American Robotics Competition. Dentro del LARC, cada dos a\u00f1os se propone [&hellip;]<\/p>\n","protected":false},"author":1,"featured_media":0,"parent":0,"menu_order":0,"comment_status":"closed","ping_status":"closed","template":"","meta":[],"_links":{"self":[{"href":"https:\/\/www.femexrobotica.org\/tmr2017\/wp-json\/wp\/v2\/pages\/45"}],"collection":[{"href":"https:\/\/www.femexrobotica.org\/tmr2017\/wp-json\/wp\/v2\/pages"}],"about":[{"href":"https:\/\/www.femexrobotica.org\/tmr2017\/wp-json\/wp\/v2\/types\/page"}],"author":[{"embeddable":true,"href":"https:\/\/www.femexrobotica.org\/tmr2017\/wp-json\/wp\/v2\/users\/1"}],"replies":[{"embeddable":true,"href":"https:\/\/www.femexrobotica.org\/tmr2017\/wp-json\/wp\/v2\/comments?post=45"}],"version-history":[{"count":31,"href":"https:\/\/www.femexrobotica.org\/tmr2017\/wp-json\/wp\/v2\/pages\/45\/revisions"}],"predecessor-version":[{"id":838,"href":"https:\/\/www.femexrobotica.org\/tmr2017\/wp-json\/wp\/v2\/pages\/45\/revisions\/838"}],"wp:attachment":[{"href":"https:\/\/www.femexrobotica.org\/tmr2017\/wp-json\/wp\/v2\/media?parent=45"}],"curies":[{"name":"wp","href":"https:\/\/api.w.org\/{rel}","templated":true}]}}