{"id":14,"date":"2016-11-15T02:58:06","date_gmt":"2016-11-15T02:58:06","guid":{"rendered":"http:\/\/www.femexrobotica.org\/tmr2017\/?page_id=14"},"modified":"2016-11-28T14:36:25","modified_gmt":"2016-11-28T20:36:25","slug":"naucalpan","status":"publish","type":"page","link":"https:\/\/www.femexrobotica.org\/tmr2017\/naucalpan\/","title":{"rendered":"Lugares de inter\u00e9s"},"content":{"rendered":"<h3>Lugares de inter\u00e9s en el Estado de M\u00e9xico y zona metropolitana<\/h3>\n<p>Tepotzotl\u00e1n, Edo. de M\u00e9xico<\/p>\n<p><a href=\"https:\/\/www.mexicodesconocido.com.mx\/tepotzotlan-pueblos-magicos-de-mexico.html\"><img loading=\"lazy\" class=\"alignnone wp-image-220 size-full\" src=\"https:\/\/www.femexrobotica.org\/tmr2017\/wp-content\/uploads\/tepoztlan.jpg\" alt=\"tepoztlan\" width=\"630\" height=\"320\" srcset=\"https:\/\/www.femexrobotica.org\/tmr2017\/wp-content\/uploads\/tepoztlan.jpg 630w, https:\/\/www.femexrobotica.org\/tmr2017\/wp-content\/uploads\/tepoztlan-300x152.jpg 300w\" sizes=\"(max-width: 630px) 100vw, 630px\" \/><\/a><\/p>\n<p>Pir\u00e1mides de Teotihuac\u00e1n, Edo. de M\u00e9xico<\/p>\n<p><a href=\"http:\/\/teotihuacan.inah.gob.mx\/\"><img loading=\"lazy\" class=\"alignnone wp-image-221 \" src=\"https:\/\/www.femexrobotica.org\/tmr2017\/wp-content\/uploads\/tour-piramides-teotihuacan-y-basilica-princ.jpg\" alt=\"tour-piramides-teotihuacan-y-basilica-princ\" width=\"634\" height=\"396\" srcset=\"https:\/\/www.femexrobotica.org\/tmr2017\/wp-content\/uploads\/tour-piramides-teotihuacan-y-basilica-princ.jpg 640w, https:\/\/www.femexrobotica.org\/tmr2017\/wp-content\/uploads\/tour-piramides-teotihuacan-y-basilica-princ-300x188.jpg 300w\" sizes=\"(max-width: 634px) 100vw, 634px\" \/><\/a><\/p>\n<p>Museo Soumaya, CDMX<\/p>\n<p><a href=\"http:\/\/www.soumaya.com.mx\/index.php\/esp\"><img loading=\"lazy\" class=\"alignnone wp-image-441\" src=\"https:\/\/www.femexrobotica.org\/tmr2017\/wp-content\/uploads\/soumaya-1024x683.jpg\" alt=\"soumaya\" width=\"636\" height=\"425\" srcset=\"https:\/\/www.femexrobotica.org\/tmr2017\/wp-content\/uploads\/soumaya-1024x683.jpg 1024w, https:\/\/www.femexrobotica.org\/tmr2017\/wp-content\/uploads\/soumaya-300x200.jpg 300w, https:\/\/www.femexrobotica.org\/tmr2017\/wp-content\/uploads\/soumaya-768x512.jpg 768w, https:\/\/www.femexrobotica.org\/tmr2017\/wp-content\/uploads\/soumaya.jpg 1200w\" sizes=\"(max-width: 636px) 100vw, 636px\" \/><\/a><\/p>\n<p>Acuario Inbursa, CDMX<\/p>\n<p><a href=\"http:\/\/www.acuarioinbursa.com.mx\/\"><img loading=\"lazy\" class=\"alignnone  wp-image-443\" src=\"https:\/\/www.femexrobotica.org\/tmr2017\/wp-content\/uploads\/1_ACUARIO-1024x452.jpg\" alt=\"1_acuario\" width=\"635\" height=\"280\" srcset=\"https:\/\/www.femexrobotica.org\/tmr2017\/wp-content\/uploads\/1_ACUARIO-1024x452.jpg 1024w, https:\/\/www.femexrobotica.org\/tmr2017\/wp-content\/uploads\/1_ACUARIO-300x132.jpg 300w, https:\/\/www.femexrobotica.org\/tmr2017\/wp-content\/uploads\/1_ACUARIO-768x339.jpg 768w, https:\/\/www.femexrobotica.org\/tmr2017\/wp-content\/uploads\/1_ACUARIO.jpg 1035w\" sizes=\"(max-width: 635px) 100vw, 635px\" \/><\/a><\/p>\n<p>Xochimilco, CDMX<\/p>\n<p><a href=\"https:\/\/www.mexicodesconocido.com.mx\/xochimilco1.html\"><img loading=\"lazy\" class=\"alignnone wp-image-222 \" src=\"https:\/\/www.femexrobotica.org\/tmr2017\/wp-content\/uploads\/xochimilco.jpg\" alt=\"xochimilco\" width=\"636\" height=\"323\" srcset=\"https:\/\/www.femexrobotica.org\/tmr2017\/wp-content\/uploads\/xochimilco.jpg 630w, https:\/\/www.femexrobotica.org\/tmr2017\/wp-content\/uploads\/xochimilco-300x152.jpg 300w\" sizes=\"(max-width: 636px) 100vw, 636px\" \/><\/a><\/p>\n<p>Templo Mayor, Centro Hist\u00f3rico de la Ciudad de M\u00e9xico<\/p>\n<p><a href=\"http:\/\/www.templomayor.inah.gob.mx\/\"><img loading=\"lazy\" class=\"alignnone wp-image-223 \" src=\"https:\/\/www.femexrobotica.org\/tmr2017\/wp-content\/uploads\/templo_mayor_3_istock-1024x358.jpg\" alt=\"templo_mayor_3_istock\" width=\"631\" height=\"220\" srcset=\"https:\/\/www.femexrobotica.org\/tmr2017\/wp-content\/uploads\/templo_mayor_3_istock-1024x358.jpg 1024w, https:\/\/www.femexrobotica.org\/tmr2017\/wp-content\/uploads\/templo_mayor_3_istock-300x105.jpg 300w, https:\/\/www.femexrobotica.org\/tmr2017\/wp-content\/uploads\/templo_mayor_3_istock-768x269.jpg 768w, https:\/\/www.femexrobotica.org\/tmr2017\/wp-content\/uploads\/templo_mayor_3_istock.jpg 1200w\" sizes=\"(max-width: 631px) 100vw, 631px\" \/><\/a><\/p>\n<p>&nbsp;<\/p>\n","protected":false},"excerpt":{"rendered":"<p>Lugares de inter\u00e9s en el Estado de M\u00e9xico y zona metropolitana Tepotzotl\u00e1n, Edo. de M\u00e9xico Pir\u00e1mides de Teotihuac\u00e1n, Edo. de M\u00e9xico Museo Soumaya, CDMX Acuario Inbursa, CDMX Xochimilco, CDMX Templo Mayor, Centro Hist\u00f3rico de la Ciudad de M\u00e9xico &nbsp;<\/p>\n","protected":false},"author":1,"featured_media":0,"parent":0,"menu_order":0,"comment_status":"closed","ping_status":"closed","template":"","meta":[],"_links":{"self":[{"href":"https:\/\/www.femexrobotica.org\/tmr2017\/wp-json\/wp\/v2\/pages\/14"}],"collection":[{"href":"https:\/\/www.femexrobotica.org\/tmr2017\/wp-json\/wp\/v2\/pages"}],"about":[{"href":"https:\/\/www.femexrobotica.org\/tmr2017\/wp-json\/wp\/v2\/types\/page"}],"author":[{"embeddable":true,"href":"https:\/\/www.femexrobotica.org\/tmr2017\/wp-json\/wp\/v2\/users\/1"}],"replies":[{"embeddable":true,"href":"https:\/\/www.femexrobotica.org\/tmr2017\/wp-json\/wp\/v2\/comments?post=14"}],"version-history":[{"count":15,"href":"https:\/\/www.femexrobotica.org\/tmr2017\/wp-json\/wp\/v2\/pages\/14\/revisions"}],"predecessor-version":[{"id":444,"href":"https:\/\/www.femexrobotica.org\/tmr2017\/wp-json\/wp\/v2\/pages\/14\/revisions\/444"}],"wp:attachment":[{"href":"https:\/\/www.femexrobotica.org\/tmr2017\/wp-json\/wp\/v2\/media?parent=14"}],"curies":[{"name":"wp","href":"https:\/\/api.w.org\/{rel}","templated":true}]}}