{"id":560,"date":"2017-11-27T12:29:07","date_gmt":"2017-11-27T17:29:07","guid":{"rendered":"https:\/\/www.femexrobotica.org\/eir2017-2018\/?page_id=560"},"modified":"2017-11-27T16:32:44","modified_gmt":"2017-11-27T21:32:44","slug":"introduccion-a-la-vision-por-computadora-usando-matlab","status":"publish","type":"page","link":"https:\/\/www.femexrobotica.org\/eir2017-2018\/introduccion-a-la-vision-por-computadora-usando-matlab\/","title":{"rendered":"Introducci\u00f3n a la Visi\u00f3n por Computadora usando Matlab"},"content":{"rendered":"<p style=\"text-align: center;\"><strong>Nombre del taller<\/strong><\/p>\n<h2 style=\"text-align: center;\"><strong>Introducci\u00f3n a la Visi\u00f3n por Computadora usando Matlab<\/strong><\/h2>\n<p><strong>Ponente:<\/strong> H\u00e9ctor Gabriel Acosta Mesa<\/p>\n<p style=\"text-align: justify;\"><strong>Resumen del Curso:<\/strong> Introducir los conceptos b\u00e1sicos de Visi\u00f3n por Computadora,\u00a0as\u00ed como las diferentes t\u00e9cnicas para el procesamiento digital de im\u00e1genes digitales y su\u00a0implementaci\u00f3n en el ambiente de desarrollo cient\u00edfico MATLAB. El taller comprende\u00a0temas de representaci\u00f3n de imagen, mejoramiento en el dominio espacial, procesamiento\u00a0de color y segmentaci\u00f3n de im\u00e1genes a partir de diferentes caracter\u00edsticas como textura,\u00a0movimiento o profundidad. La sesi\u00f3n comprender\u00e1 la introducci\u00f3n de conceptos te\u00f3ricos\u00a0y la utilizaci\u00f3n de los algoritmos b\u00e1sicos de VC.<\/p>\n<p><strong>Recursos necesarios:<\/strong><\/p>\n<ul>\n<li>Computadora port\u00e1til<\/li>\n<li>Matlab instalado con el toolbox de Procesamiento Digital de Im\u00e1genes<\/li>\n<\/ul>\n","protected":false},"excerpt":{"rendered":"<p>Nombre del taller Introducci\u00f3n a la Visi\u00f3n por Computadora usando Matlab Ponente: H\u00e9ctor Gabriel Acosta Mesa Resumen del Curso: Introducir los conceptos b\u00e1sicos de Visi\u00f3n por Computadora,\u00a0as\u00ed como las diferentes t\u00e9cnicas para el procesamiento digital de im\u00e1genes digitales y su\u00a0implementaci\u00f3n en el ambiente de desarrollo cient\u00edfico MATLAB. El taller comprende\u00a0temas de representaci\u00f3n de imagen, mejoramiento [&hellip;]<\/p>\n","protected":false},"author":5,"featured_media":0,"parent":0,"menu_order":0,"comment_status":"closed","ping_status":"closed","template":"","meta":[],"_links":{"self":[{"href":"https:\/\/www.femexrobotica.org\/eir2017-2018\/wp-json\/wp\/v2\/pages\/560"}],"collection":[{"href":"https:\/\/www.femexrobotica.org\/eir2017-2018\/wp-json\/wp\/v2\/pages"}],"about":[{"href":"https:\/\/www.femexrobotica.org\/eir2017-2018\/wp-json\/wp\/v2\/types\/page"}],"author":[{"embeddable":true,"href":"https:\/\/www.femexrobotica.org\/eir2017-2018\/wp-json\/wp\/v2\/users\/5"}],"replies":[{"embeddable":true,"href":"https:\/\/www.femexrobotica.org\/eir2017-2018\/wp-json\/wp\/v2\/comments?post=560"}],"version-history":[{"count":6,"href":"https:\/\/www.femexrobotica.org\/eir2017-2018\/wp-json\/wp\/v2\/pages\/560\/revisions"}],"predecessor-version":[{"id":617,"href":"https:\/\/www.femexrobotica.org\/eir2017-2018\/wp-json\/wp\/v2\/pages\/560\/revisions\/617"}],"wp:attachment":[{"href":"https:\/\/www.femexrobotica.org\/eir2017-2018\/wp-json\/wp\/v2\/media?parent=560"}],"curies":[{"name":"wp","href":"https:\/\/api.w.org\/{rel}","templated":true}]}}