{"id":19,"date":"2014-10-19T00:31:56","date_gmt":"2014-10-19T05:31:56","guid":{"rendered":"http:\/\/femexrobotica.org\/eir2015\/?page_id=19"},"modified":"2014-12-02T03:23:18","modified_gmt":"2014-12-02T09:23:18","slug":"registro","status":"publish","type":"page","link":"https:\/\/www.femexrobotica.org\/eir2015\/registro\/","title":{"rendered":"Registro"},"content":{"rendered":"<h2>Proceso de registro<\/h2>\n<p>El proceso de registro al EIR2015 consta de dos etapas:<\/p>\n<ol>\n<li>Pre-registro (del 20 al 28 de noviembre)\n<ul>\n<li>Anuncio de admitidos: 1 de diciembre<\/li>\n<\/ul>\n<\/li>\n<li>Pago de inscripci\u00f3n (1 al 14 de diciembre)\n<ul>\n<li>Anuncio de becas: 15 diciembre<\/li>\n<\/ul>\n<\/li>\n<\/ol>\n<p>El proceso de pre-registro est\u00e1 cerrado y el <a href=\"http:\/\/femexrobotica.org\/eir2015\/admitidos\/\">anuncio de admisiones<\/a> ya se public\u00f3.<\/p>\n<p><!--\n<span style=\"font-size: large;\"><strong>Para realizar tu pre-registro entra al siguiente\u00a0<a href=\"http:\/\/www.tecnovanguardia.com\/fmr_escinvrbk14\" target=\"_blank\">link<\/a>. <\/strong>Tienes hasta el <strong>viernes 28<\/strong> de noviembre para realizar el pre-registro, en donde adem\u00e1s tendr\u00e1s la opci\u00f3n de solicitar beca.<\/span>\n\n<span style=\"font-size: large;\"><strong><span style=\"color: #a80000;\">NOTA IMPORTANTE: <\/span><\/strong><span style=\"color: #a80000;\">Cuando hayas terminado de cargar tus datos aseg\u00farate de\u00a0realizar el proceso de <strong>\"Enviar\"<\/strong> dentro del sistema de registro. De lo contrario el comit\u00e9 de admisiones y becas no recibir\u00e1 tu solicitud.<\/span><\/span>\n--><\/p>\n","protected":false},"excerpt":{"rendered":"<p>Proceso de registro El proceso de registro al EIR2015 consta de dos etapas: Pre-registro (del 20 al 28 de noviembre) Anuncio de admitidos: 1 de diciembre Pago de inscripci\u00f3n (1 al 14 de diciembre) Anuncio de becas: 15 diciembre El proceso de pre-registro est\u00e1 cerrado y el anuncio de admisiones ya se public\u00f3.<\/p>\n","protected":false},"author":1,"featured_media":0,"parent":0,"menu_order":0,"comment_status":"closed","ping_status":"closed","template":"","meta":[],"_links":{"self":[{"href":"https:\/\/www.femexrobotica.org\/eir2015\/wp-json\/wp\/v2\/pages\/19"}],"collection":[{"href":"https:\/\/www.femexrobotica.org\/eir2015\/wp-json\/wp\/v2\/pages"}],"about":[{"href":"https:\/\/www.femexrobotica.org\/eir2015\/wp-json\/wp\/v2\/types\/page"}],"author":[{"embeddable":true,"href":"https:\/\/www.femexrobotica.org\/eir2015\/wp-json\/wp\/v2\/users\/1"}],"replies":[{"embeddable":true,"href":"https:\/\/www.femexrobotica.org\/eir2015\/wp-json\/wp\/v2\/comments?post=19"}],"version-history":[{"count":28,"href":"https:\/\/www.femexrobotica.org\/eir2015\/wp-json\/wp\/v2\/pages\/19\/revisions"}],"predecessor-version":[{"id":337,"href":"https:\/\/www.femexrobotica.org\/eir2015\/wp-json\/wp\/v2\/pages\/19\/revisions\/337"}],"wp:attachment":[{"href":"https:\/\/www.femexrobotica.org\/eir2015\/wp-json\/wp\/v2\/media?parent=19"}],"curies":[{"name":"wp","href":"https:\/\/api.w.org\/{rel}","templated":true}]}}