{"id":15,"date":"2014-10-19T00:31:08","date_gmt":"2014-10-19T05:31:08","guid":{"rendered":"http:\/\/femexrobotica.org\/eir2015\/?page_id=15"},"modified":"2014-10-30T15:07:53","modified_gmt":"2014-10-30T21:07:53","slug":"sede","status":"publish","type":"page","link":"https:\/\/www.femexrobotica.org\/eir2015\/sede\/","title":{"rendered":"Sede"},"content":{"rendered":"<h2 style=\"text-align: justify;\"><a href=\"http:\/\/www.upvictoria.edu.mx\" target=\"_blank\">Universidad Polit\u00e9cnica de Victoria<\/a><\/h2>\n<h5><a href=\"http:\/\/femexrobotica.org\/eir2015\/wp-content\/uploads\/2014\/10\/UPVDIA.png\"><img loading=\"lazy\" class=\"alignnone wp-image-92\" title=\"Universidad Polit\u00e9cnica de Victoria\" src=\"http:\/\/femexrobotica.org\/eir2015\/wp-content\/uploads\/2014\/10\/UPVDIA.png\" alt=\"UPV - Noche\" width=\"711\" height=\"285\" \/><\/a><\/h5>\n<h5>Direcci\u00f3n:<\/h5>\n<p>Av. Nuevas Tecnolog\u00edas 5902<br \/>\nParque Cient\u00edfico y Tecnol\u00f3gico de Tamaulipas<br \/>\nCarretera Victoria &#8211; Soto la Marina Km. 5.5<br \/>\nCiudad Victoria, Tam. M\u00e9xico<br \/>\nC. P. 87138.<br \/>\nTel: + 52 (834) 171 11 00<\/p>\n<h5>Contacto local:<\/h5>\n<p><span style=\"color: #800000;\">havilesa (ARROBA) upv (PUNTO) edu (PUNTO) mx<\/span><br \/>\nTel: + 52 (834) 1711100 Ext. 2307<\/p>\n<h3 style=\"text-align: justify;\"><\/h3>\n<h3 style=\"text-align: justify;\">Ubicaci\u00f3n en Google Maps<\/h3>\n<p><iframe loading=\"lazy\" src=\"https:\/\/www.google.com\/maps\/embed?pb=!1m28!1m12!1m3!1d58440.025488855514!2d-99.11380397317522!3d23.72948619656024!2m3!1f0!2f0!3f0!3m2!1i1024!2i768!4f13.1!4m13!1i0!3e6!4m5!1s0x867951bd5407d2a9%3A0x1dfa01b571fe2685!2sUniversidad+Polit%C3%A9cnica+de+Victoria%2C+Ciudad+Victoria+-+Soto+La+Marina%2C+Tamaulipas!3m2!1d23.729412!2d-99.07689599999999!4m4!1s0x0%3A0x1dfa01b571fe2685!3m2!1d23.729412!2d-99.07689599999999!5e0!3m2!1ses-419!2smx!4v1413682075663\" width=\"600\" height=\"450\" frameborder=\"0\"><\/iframe><\/p>\n","protected":false},"excerpt":{"rendered":"<p>Universidad Polit\u00e9cnica de Victoria Direcci\u00f3n: Av. Nuevas Tecnolog\u00edas 5902 Parque Cient\u00edfico y Tecnol\u00f3gico de Tamaulipas Carretera Victoria &#8211; Soto la Marina Km. 5.5 Ciudad Victoria, Tam. M\u00e9xico C. P. 87138. Tel: + 52 (834) 171 11 00 Contacto local: havilesa (ARROBA) upv (PUNTO) edu (PUNTO) mx Tel: + 52 (834) 1711100 Ext. 2307 Ubicaci\u00f3n en &hellip; <a href=\"https:\/\/www.femexrobotica.org\/eir2015\/sede\/\" class=\"more-link\">Continue reading <span class=\"screen-reader-text\">Sede<\/span> <span class=\"meta-nav\">&rarr;<\/span><\/a><\/p>\n","protected":false},"author":1,"featured_media":0,"parent":0,"menu_order":0,"comment_status":"closed","ping_status":"closed","template":"","meta":[],"_links":{"self":[{"href":"https:\/\/www.femexrobotica.org\/eir2015\/wp-json\/wp\/v2\/pages\/15"}],"collection":[{"href":"https:\/\/www.femexrobotica.org\/eir2015\/wp-json\/wp\/v2\/pages"}],"about":[{"href":"https:\/\/www.femexrobotica.org\/eir2015\/wp-json\/wp\/v2\/types\/page"}],"author":[{"embeddable":true,"href":"https:\/\/www.femexrobotica.org\/eir2015\/wp-json\/wp\/v2\/users\/1"}],"replies":[{"embeddable":true,"href":"https:\/\/www.femexrobotica.org\/eir2015\/wp-json\/wp\/v2\/comments?post=15"}],"version-history":[{"count":13,"href":"https:\/\/www.femexrobotica.org\/eir2015\/wp-json\/wp\/v2\/pages\/15\/revisions"}],"predecessor-version":[{"id":170,"href":"https:\/\/www.femexrobotica.org\/eir2015\/wp-json\/wp\/v2\/pages\/15\/revisions\/170"}],"wp:attachment":[{"href":"https:\/\/www.femexrobotica.org\/eir2015\/wp-json\/wp\/v2\/media?parent=15"}],"curies":[{"name":"wp","href":"https:\/\/api.w.org\/{rel}","templated":true}]}}